{"id":7015,"date":"2025-04-23T05:03:01","date_gmt":"2025-04-23T10:03:01","guid":{"rendered":"https:\/\/gruposumyteck.com\/?post_type=product&#038;p=7015"},"modified":"2025-04-26T09:07:05","modified_gmt":"2025-04-26T14:07:05","slug":"extractor-axiales-modelo-hxm","status":"publish","type":"product","link":"https:\/\/gruposumyteck.com\/?product=extractor-axiales-modelo-hxm","title":{"rendered":"Extractor axiales modelo HXM"},"content":{"rendered":"<p>Los <strong data-start=\"273\" data-end=\"307\">extractores axiales modelo HXM<\/strong> est\u00e1n dise\u00f1ados para <strong data-start=\"329\" data-end=\"364\">aplicaciones de montaje en muro<\/strong>, ideales para espacios que requieren ventilaci\u00f3n eficiente y constante con instalaci\u00f3n sencilla y duradera.<\/p>\n<p class=\"\" data-start=\"474\" data-end=\"742\">Cuentan con <strong data-start=\"486\" data-end=\"519\">motor monof\u00e1sico fraccionario<\/strong>, lo que garantiza un bajo consumo energ\u00e9tico sin comprometer el rendimiento. Sus <strong data-start=\"601\" data-end=\"656\">h\u00e9lices est\u00e1n alineadas y balanceadas con precisi\u00f3n<\/strong>, asegurando un flujo de aire uniforme, bajo nivel de ruido y menor desgaste mec\u00e1nico.<\/p>\n<p class=\"\" data-start=\"744\" data-end=\"1000\">El dise\u00f1o incluye un <strong data-start=\"765\" data-end=\"792\">marco protector robusto<\/strong>, fabricado en <strong data-start=\"807\" data-end=\"868\">l\u00e1mina de acero con acabado en pintura en polvo poli\u00e9ster<\/strong>, lo que proporciona <strong data-start=\"889\" data-end=\"937\">resistencia a la corrosi\u00f3n y larga vida \u00fatil<\/strong>, incluso en ambientes con alta humedad o exposici\u00f3n constante.<\/p>\n<p class=\"\" data-start=\"1002\" data-end=\"1290\">Estos extractores son perfectos para <strong data-start=\"1039\" data-end=\"1190\">ventilaci\u00f3n en bodegas, oficinas, talleres, locales comerciales, cocinas industriales, cuartos el\u00e9ctricos, subestaciones, y \u00e1reas de almacenamiento<\/strong>, donde se busca mejorar la calidad del aire y controlar la temperatura sin instalaciones complejas.<\/p>\n<a href='https:\/\/gruposumyteck.com\/files\/SP_ficha%20t\u00c9cnica%20hxm.pdf' class='small-button smallblack' target=\"_blank\">Ver Ficha T\u00e9cnica<\/a>\n","protected":false},"excerpt":{"rendered":"<p>Los <strong data-start=\"273\" data-end=\"307\">extractores axiales modelo HXM<\/strong> est\u00e1n dise\u00f1ados para <strong data-start=\"329\" data-end=\"364\">aplicaciones de montaje en muro<\/strong>, ideales para espacios que requieren ventilaci\u00f3n eficiente y constante con instalaci\u00f3n sencilla y duradera.<\/p>\n<a href='https:\/\/gruposumyteck.com\/files\/SP_ficha%20t\u00c9cnica%20hxm.pdf' class='small-button smallblack' target=\"_blank\">Ver Ficha T\u00e9cnica<\/a>\n","protected":false},"featured_media":7016,"template":"","meta":{"_et_pb_use_builder":"","_et_pb_old_content":"","_et_gb_content_width":""},"product_brand":[176],"product_cat":[645,177],"product_tag":[486,483,488,490,491,492,489,493,487,494],"class_list":{"0":"post-7015","1":"product","2":"type-product","3":"status-publish","4":"has-post-thumbnail","6":"product_brand-soler-y-palau","7":"product_cat-axiales-directos","8":"product_cat-ventilacion-comercial","9":"product_tag-extractor-axial-de-muro","10":"product_tag-extractor-axial-silencioso","11":"product_tag-extractor-monofasico-compacto","12":"product_tag-extractor-mural-industrial","13":"product_tag-extractor-para-talleres","14":"product_tag-ventilacion-economica-pared","15":"product_tag-ventilacion-para-bodegas","16":"product_tag-ventilador-axial-hxm","17":"product_tag-ventilador-para-pared-hxm","18":"product_tag-ventiladores-pared-resistente","20":"first","21":"instock","22":"taxable","23":"shipping-taxable","24":"product-type-simple"},"yoast_head":"<!-- This site is optimized with the Yoast SEO plugin v27.6 - https:\/\/yoast.com\/product\/yoast-seo-wordpress\/ -->\n<title>Extractor axiales modelo HXM - Grupo Sumyteck SAS<\/title>\n<meta name=\"description\" content=\"Los extractores axiales modelo HXM est\u00e1n dise\u00f1ados para aplicaciones de montaje en muro, ideales para espacios que requieren ventilaci\u00f3n eficiente.\" \/>\n<meta name=\"robots\" content=\"index, follow, max-snippet:-1, max-image-preview:large, max-video-preview:-1\" \/>\n<link rel=\"canonical\" href=\"https:\/\/gruposumyteck.com\/?product=extractor-axiales-modelo-hxm\" \/>\n<meta property=\"og:locale\" content=\"es_ES\" \/>\n<meta property=\"og:type\" content=\"article\" \/>\n<meta property=\"og:title\" content=\"Extractor axiales modelo HXM - Grupo Sumyteck SAS\" \/>\n<meta property=\"og:description\" content=\"Los extractores axiales modelo HXM est\u00e1n dise\u00f1ados para aplicaciones de montaje en muro, ideales para espacios que requieren ventilaci\u00f3n eficiente.\" \/>\n<meta property=\"og:url\" content=\"https:\/\/gruposumyteck.com\/?product=extractor-axiales-modelo-hxm\" \/>\n<meta property=\"og:site_name\" content=\"Grupo Sumyteck SAS\" \/>\n<meta property=\"article:publisher\" content=\"https:\/\/es-la.facebook.com\/SumyteckSAS\/\" \/>\n<meta property=\"article:modified_time\" content=\"2025-04-26T14:07:05+00:00\" \/>\n<meta property=\"og:image\" content=\"https:\/\/gruposumyteck.com\/wp-content\/uploads\/2025\/04\/Tienda_Axiales-Directos3.jpg\" \/>\n\t<meta property=\"og:image:width\" content=\"300\" \/>\n\t<meta property=\"og:image:height\" content=\"350\" \/>\n\t<meta property=\"og:image:type\" content=\"image\/jpeg\" \/>\n<meta name=\"twitter:card\" content=\"summary_large_image\" \/>\n<meta name=\"twitter:site\" content=\"@Sumyteck\" \/>\n<meta name=\"twitter:label1\" content=\"Tiempo de lectura\" \/>\n\t<meta name=\"twitter:data1\" content=\"1 minuto\" \/>\n<script type=\"application\/ld+json\" class=\"yoast-schema-graph\">{\"@context\":\"https:\\\/\\\/schema.org\",\"@graph\":[{\"@type\":\"WebPage\",\"@id\":\"https:\\\/\\\/gruposumyteck.com\\\/?product=extractor-axiales-modelo-hxm\",\"url\":\"https:\\\/\\\/gruposumyteck.com\\\/?product=extractor-axiales-modelo-hxm\",\"name\":\"Extractor axiales modelo HXM - Grupo Sumyteck SAS\",\"isPartOf\":{\"@id\":\"https:\\\/\\\/gruposumyteck.com\\\/#website\"},\"primaryImageOfPage\":{\"@id\":\"https:\\\/\\\/gruposumyteck.com\\\/?product=extractor-axiales-modelo-hxm#primaryimage\"},\"image\":{\"@id\":\"https:\\\/\\\/gruposumyteck.com\\\/?product=extractor-axiales-modelo-hxm#primaryimage\"},\"thumbnailUrl\":\"https:\\\/\\\/gruposumyteck.com\\\/wp-content\\\/uploads\\\/2025\\\/04\\\/Tienda_Axiales-Directos3.jpg\",\"datePublished\":\"2025-04-23T10:03:01+00:00\",\"dateModified\":\"2025-04-26T14:07:05+00:00\",\"description\":\"Los extractores axiales modelo HXM est\u00e1n dise\u00f1ados para aplicaciones de montaje en muro, ideales para espacios que requieren ventilaci\u00f3n eficiente.\",\"breadcrumb\":{\"@id\":\"https:\\\/\\\/gruposumyteck.com\\\/?product=extractor-axiales-modelo-hxm#breadcrumb\"},\"inLanguage\":\"es\",\"potentialAction\":[{\"@type\":\"ReadAction\",\"target\":[\"https:\\\/\\\/gruposumyteck.com\\\/?product=extractor-axiales-modelo-hxm\"]}]},{\"@type\":\"ImageObject\",\"inLanguage\":\"es\",\"@id\":\"https:\\\/\\\/gruposumyteck.com\\\/?product=extractor-axiales-modelo-hxm#primaryimage\",\"url\":\"https:\\\/\\\/gruposumyteck.com\\\/wp-content\\\/uploads\\\/2025\\\/04\\\/Tienda_Axiales-Directos3.jpg\",\"contentUrl\":\"https:\\\/\\\/gruposumyteck.com\\\/wp-content\\\/uploads\\\/2025\\\/04\\\/Tienda_Axiales-Directos3.jpg\",\"width\":300,\"height\":350,\"caption\":\"Extractor axiales modelo HXM\"},{\"@type\":\"BreadcrumbList\",\"@id\":\"https:\\\/\\\/gruposumyteck.com\\\/?product=extractor-axiales-modelo-hxm#breadcrumb\",\"itemListElement\":[{\"@type\":\"ListItem\",\"position\":1,\"name\":\"Inicio\",\"item\":\"https:\\\/\\\/gruposumyteck.com\\\/\"},{\"@type\":\"ListItem\",\"position\":2,\"name\":\"Productos\",\"item\":\"https:\\\/\\\/gruposumyteck.com\\\/?post_type=product\"},{\"@type\":\"ListItem\",\"position\":3,\"name\":\"Extractor axiales modelo HXM\"}]},{\"@type\":\"WebSite\",\"@id\":\"https:\\\/\\\/gruposumyteck.com\\\/#website\",\"url\":\"https:\\\/\\\/gruposumyteck.com\\\/\",\"name\":\"Grupo Sumyteck SAS\",\"description\":\"La mejor selecci\u00f3n de productos para ventilaci\u00f3n: extractores de aire, ventiladores industriales, ductos, compuertas, rejillas, filtros y controladores\",\"publisher\":{\"@id\":\"https:\\\/\\\/gruposumyteck.com\\\/#organization\"},\"alternateName\":\"gruposumyteck.com\",\"potentialAction\":[{\"@type\":\"SearchAction\",\"target\":{\"@type\":\"EntryPoint\",\"urlTemplate\":\"https:\\\/\\\/gruposumyteck.com\\\/?s={search_term_string}\"},\"query-input\":{\"@type\":\"PropertyValueSpecification\",\"valueRequired\":true,\"valueName\":\"search_term_string\"}}],\"inLanguage\":\"es\"},{\"@type\":\"Organization\",\"@id\":\"https:\\\/\\\/gruposumyteck.com\\\/#organization\",\"name\":\"Grupo Sumyteck SAS\",\"alternateName\":\"gruposumyteck.com\",\"url\":\"https:\\\/\\\/gruposumyteck.com\\\/\",\"logo\":{\"@type\":\"ImageObject\",\"inLanguage\":\"es\",\"@id\":\"https:\\\/\\\/gruposumyteck.com\\\/#\\\/schema\\\/logo\\\/image\\\/\",\"url\":\"https:\\\/\\\/gruposumyteck.com\\\/wp-content\\\/uploads\\\/2024\\\/03\\\/Favicon.png\",\"contentUrl\":\"https:\\\/\\\/gruposumyteck.com\\\/wp-content\\\/uploads\\\/2024\\\/03\\\/Favicon.png\",\"width\":384,\"height\":384,\"caption\":\"Grupo Sumyteck SAS\"},\"image\":{\"@id\":\"https:\\\/\\\/gruposumyteck.com\\\/#\\\/schema\\\/logo\\\/image\\\/\"},\"sameAs\":[\"https:\\\/\\\/es-la.facebook.com\\\/SumyteckSAS\\\/\",\"https:\\\/\\\/x.com\\\/Sumyteck\",\"https:\\\/\\\/www.youtube.com\\\/channel\\\/UCoHQzJTzEsi317O4N3k9Zbw\",\"https:\\\/\\\/www.instagram.com\\\/gruposumyteck\\\/\"]}]}<\/script>\n<!-- \/ Yoast SEO plugin. -->","yoast_head_json":{"title":"Extractor axiales modelo HXM - Grupo Sumyteck SAS","description":"Los extractores axiales modelo HXM est\u00e1n dise\u00f1ados para aplicaciones de montaje en muro, ideales para espacios que requieren ventilaci\u00f3n eficiente.","robots":{"index":"index","follow":"follow","max-snippet":"max-snippet:-1","max-image-preview":"max-image-preview:large","max-video-preview":"max-video-preview:-1"},"canonical":"https:\/\/gruposumyteck.com\/?product=extractor-axiales-modelo-hxm","og_locale":"es_ES","og_type":"article","og_title":"Extractor axiales modelo HXM - Grupo Sumyteck SAS","og_description":"Los extractores axiales modelo HXM est\u00e1n dise\u00f1ados para aplicaciones de montaje en muro, ideales para espacios que requieren ventilaci\u00f3n eficiente.","og_url":"https:\/\/gruposumyteck.com\/?product=extractor-axiales-modelo-hxm","og_site_name":"Grupo Sumyteck SAS","article_publisher":"https:\/\/es-la.facebook.com\/SumyteckSAS\/","article_modified_time":"2025-04-26T14:07:05+00:00","og_image":[{"width":300,"height":350,"url":"https:\/\/gruposumyteck.com\/wp-content\/uploads\/2025\/04\/Tienda_Axiales-Directos3.jpg","type":"image\/jpeg"}],"twitter_card":"summary_large_image","twitter_site":"@Sumyteck","twitter_misc":{"Tiempo de lectura":"1 minuto"},"schema":{"@context":"https:\/\/schema.org","@graph":[{"@type":"WebPage","@id":"https:\/\/gruposumyteck.com\/?product=extractor-axiales-modelo-hxm","url":"https:\/\/gruposumyteck.com\/?product=extractor-axiales-modelo-hxm","name":"Extractor axiales modelo HXM - Grupo Sumyteck SAS","isPartOf":{"@id":"https:\/\/gruposumyteck.com\/#website"},"primaryImageOfPage":{"@id":"https:\/\/gruposumyteck.com\/?product=extractor-axiales-modelo-hxm#primaryimage"},"image":{"@id":"https:\/\/gruposumyteck.com\/?product=extractor-axiales-modelo-hxm#primaryimage"},"thumbnailUrl":"https:\/\/gruposumyteck.com\/wp-content\/uploads\/2025\/04\/Tienda_Axiales-Directos3.jpg","datePublished":"2025-04-23T10:03:01+00:00","dateModified":"2025-04-26T14:07:05+00:00","description":"Los extractores axiales modelo HXM est\u00e1n dise\u00f1ados para aplicaciones de montaje en muro, ideales para espacios que requieren ventilaci\u00f3n eficiente.","breadcrumb":{"@id":"https:\/\/gruposumyteck.com\/?product=extractor-axiales-modelo-hxm#breadcrumb"},"inLanguage":"es","potentialAction":[{"@type":"ReadAction","target":["https:\/\/gruposumyteck.com\/?product=extractor-axiales-modelo-hxm"]}]},{"@type":"ImageObject","inLanguage":"es","@id":"https:\/\/gruposumyteck.com\/?product=extractor-axiales-modelo-hxm#primaryimage","url":"https:\/\/gruposumyteck.com\/wp-content\/uploads\/2025\/04\/Tienda_Axiales-Directos3.jpg","contentUrl":"https:\/\/gruposumyteck.com\/wp-content\/uploads\/2025\/04\/Tienda_Axiales-Directos3.jpg","width":300,"height":350,"caption":"Extractor axiales modelo HXM"},{"@type":"BreadcrumbList","@id":"https:\/\/gruposumyteck.com\/?product=extractor-axiales-modelo-hxm#breadcrumb","itemListElement":[{"@type":"ListItem","position":1,"name":"Inicio","item":"https:\/\/gruposumyteck.com\/"},{"@type":"ListItem","position":2,"name":"Productos","item":"https:\/\/gruposumyteck.com\/?post_type=product"},{"@type":"ListItem","position":3,"name":"Extractor axiales modelo HXM"}]},{"@type":"WebSite","@id":"https:\/\/gruposumyteck.com\/#website","url":"https:\/\/gruposumyteck.com\/","name":"Grupo Sumyteck SAS","description":"La mejor selecci\u00f3n de productos para ventilaci\u00f3n: extractores de aire, ventiladores industriales, ductos, compuertas, rejillas, filtros y controladores","publisher":{"@id":"https:\/\/gruposumyteck.com\/#organization"},"alternateName":"gruposumyteck.com","potentialAction":[{"@type":"SearchAction","target":{"@type":"EntryPoint","urlTemplate":"https:\/\/gruposumyteck.com\/?s={search_term_string}"},"query-input":{"@type":"PropertyValueSpecification","valueRequired":true,"valueName":"search_term_string"}}],"inLanguage":"es"},{"@type":"Organization","@id":"https:\/\/gruposumyteck.com\/#organization","name":"Grupo Sumyteck SAS","alternateName":"gruposumyteck.com","url":"https:\/\/gruposumyteck.com\/","logo":{"@type":"ImageObject","inLanguage":"es","@id":"https:\/\/gruposumyteck.com\/#\/schema\/logo\/image\/","url":"https:\/\/gruposumyteck.com\/wp-content\/uploads\/2024\/03\/Favicon.png","contentUrl":"https:\/\/gruposumyteck.com\/wp-content\/uploads\/2024\/03\/Favicon.png","width":384,"height":384,"caption":"Grupo Sumyteck SAS"},"image":{"@id":"https:\/\/gruposumyteck.com\/#\/schema\/logo\/image\/"},"sameAs":["https:\/\/es-la.facebook.com\/SumyteckSAS\/","https:\/\/x.com\/Sumyteck","https:\/\/www.youtube.com\/channel\/UCoHQzJTzEsi317O4N3k9Zbw","https:\/\/www.instagram.com\/gruposumyteck\/"]}]}},"_links":{"self":[{"href":"https:\/\/gruposumyteck.com\/index.php?rest_route=\/wp\/v2\/product\/7015","targetHints":{"allow":["GET"]}}],"collection":[{"href":"https:\/\/gruposumyteck.com\/index.php?rest_route=\/wp\/v2\/product"}],"about":[{"href":"https:\/\/gruposumyteck.com\/index.php?rest_route=\/wp\/v2\/types\/product"}],"wp:featuredmedia":[{"embeddable":true,"href":"https:\/\/gruposumyteck.com\/index.php?rest_route=\/wp\/v2\/media\/7016"}],"wp:attachment":[{"href":"https:\/\/gruposumyteck.com\/index.php?rest_route=%2Fwp%2Fv2%2Fmedia&parent=7015"}],"wp:term":[{"taxonomy":"product_brand","embeddable":true,"href":"https:\/\/gruposumyteck.com\/index.php?rest_route=%2Fwp%2Fv2%2Fproduct_brand&post=7015"},{"taxonomy":"product_cat","embeddable":true,"href":"https:\/\/gruposumyteck.com\/index.php?rest_route=%2Fwp%2Fv2%2Fproduct_cat&post=7015"},{"taxonomy":"product_tag","embeddable":true,"href":"https:\/\/gruposumyteck.com\/index.php?rest_route=%2Fwp%2Fv2%2Fproduct_tag&post=7015"}],"curies":[{"name":"wp","href":"https:\/\/api.w.org\/{rel}","templated":true}]}}