{"id":6948,"date":"2025-04-20T04:30:52","date_gmt":"2025-04-20T09:30:52","guid":{"rendered":"https:\/\/gruposumyteck.com\/?post_type=product&#038;p=6948"},"modified":"2025-04-26T08:10:34","modified_gmt":"2025-04-26T13:10:34","slug":"purificador-aire-portatil-360o","status":"publish","type":"product","link":"https:\/\/gruposumyteck.com\/?product=purificador-aire-portatil-360o","title":{"rendered":"Purificador de Aire Port\u00e1til 360\u00ba"},"content":{"rendered":"<h2 class=\"\" data-start=\"94\" data-end=\"179\">Purificador de Aire Port\u00e1til Tipo Columna \u2014 Ultra Silencioso, 360\u00ba \u2014 Hasta 50 m\u00b2<\/h2>\n<p class=\"\" data-start=\"199\" data-end=\"568\">Respira mejor con este <strong data-start=\"222\" data-end=\"267\">purificador de aire port\u00e1til tipo columna<\/strong>, dise\u00f1ado para ofrecer <strong data-start=\"291\" data-end=\"360\">m\u00e1xima eficiencia, bajo consumo y funcionamiento ultra silencioso<\/strong> en estancias de hasta <strong data-start=\"383\" data-end=\"392\">50 m\u00b2<\/strong>. Gracias a su <strong data-start=\"407\" data-end=\"453\">filtraci\u00f3n en 360\u00b0 y su motor DC Brushless<\/strong>, garantiza un ambiente m\u00e1s limpio, seguro y saludable, ideal para hogares, oficinas, cl\u00ednicas y espacios cerrados.<\/p>\n<h3 class=\"\" data-start=\"570\" data-end=\"604\">\u2705 Caracter\u00edsticas Destacadas<\/h3>\n<ul data-start=\"605\" data-end=\"1204\">\n<li class=\"\" data-start=\"605\" data-end=\"905\">\n<p class=\"\" data-start=\"607\" data-end=\"650\"><strong data-start=\"607\" data-end=\"630\">Pantalla LCD t\u00e1ctil<\/strong> con indicadores de:<\/p>\n<ul data-start=\"653\" data-end=\"905\">\n<li class=\"\" data-start=\"653\" data-end=\"714\">\n<p class=\"\" data-start=\"655\" data-end=\"714\"><strong data-start=\"655\" data-end=\"713\">Calidad del aire por colores e indicador PM2,5 (\u00b5g\/m\u00b3)<\/strong>.<\/p>\n<\/li>\n<li class=\"\" data-start=\"717\" data-end=\"767\">\n<p class=\"\" data-start=\"719\" data-end=\"767\"><strong data-start=\"719\" data-end=\"766\">Humedad relativa (%) y temperatura ambiente<\/strong>.<\/p>\n<\/li>\n<li class=\"\" data-start=\"770\" data-end=\"816\">\n<p class=\"\" data-start=\"772\" data-end=\"816\"><strong data-start=\"772\" data-end=\"815\">Temporizador programable de 1 a 8 horas<\/strong>.<\/p>\n<\/li>\n<li class=\"\" data-start=\"819\" data-end=\"855\">\n<p class=\"\" data-start=\"821\" data-end=\"855\"><strong data-start=\"821\" data-end=\"854\">Indicador de cambio de filtro<\/strong>.<\/p>\n<\/li>\n<li class=\"\" data-start=\"858\" data-end=\"905\">\n<p class=\"\" data-start=\"860\" data-end=\"905\"><strong data-start=\"860\" data-end=\"883\">Bloqueo de pantalla<\/strong> para mayor seguridad.<\/p>\n<\/li>\n<\/ul>\n<\/li>\n<li class=\"\" data-start=\"907\" data-end=\"1204\">\n<p class=\"\" data-start=\"909\" data-end=\"939\"><strong data-start=\"909\" data-end=\"938\">4 modos de funcionamiento<\/strong>:<\/p>\n<ul data-start=\"942\" data-end=\"1204\">\n<li class=\"\" data-start=\"942\" data-end=\"995\">\n<p class=\"\" data-start=\"944\" data-end=\"995\"><strong data-start=\"944\" data-end=\"955\">MANUAL:<\/strong> Controla 4 velocidades seg\u00fan necesidad.<\/p>\n<\/li>\n<li class=\"\" data-start=\"998\" data-end=\"1068\">\n<p class=\"\" data-start=\"1000\" data-end=\"1068\"><strong data-start=\"1000\" data-end=\"1010\">SMART:<\/strong> Ajuste autom\u00e1tico de velocidad seg\u00fan la calidad del aire.<\/p>\n<\/li>\n<li class=\"\" data-start=\"1071\" data-end=\"1132\">\n<p class=\"\" data-start=\"1073\" data-end=\"1132\"><strong data-start=\"1073\" data-end=\"1083\">NOCHE:<\/strong> Funciona a m\u00ednima velocidad y bajo nivel sonoro.<\/p>\n<\/li>\n<li class=\"\" data-start=\"1135\" data-end=\"1204\">\n<p class=\"\" data-start=\"1137\" data-end=\"1204\"><strong data-start=\"1137\" data-end=\"1154\">TEMPORIZADOR:<\/strong> Programa su apagado autom\u00e1tico entre 1 y 8 horas.<\/p>\n<\/li>\n<\/ul>\n<\/li>\n<\/ul>\n<h3 class=\"\" data-start=\"1206\" data-end=\"1268\">\u2705 Sistema de Filtraci\u00f3n en 3 Etapas \u2014 99,99% de Eficiencia<\/h3>\n<ul data-start=\"1269\" data-end=\"1717\">\n<li class=\"\" data-start=\"1269\" data-end=\"1391\">\n<p class=\"\" data-start=\"1271\" data-end=\"1391\"><strong data-start=\"1271\" data-end=\"1314\">Prefiltro de fibra (Clase F7 \/ EN 779):<\/strong><br data-start=\"1314\" data-end=\"1317\" \/>Retiene part\u00edculas grandes como polvo, pelusas, cabellos y polen (PM10).<\/p>\n<\/li>\n<li class=\"\" data-start=\"1395\" data-end=\"1568\">\n<p class=\"\" data-start=\"1397\" data-end=\"1568\"><strong data-start=\"1397\" data-end=\"1453\">Filtro antimicrobiano HEPA (Clase H13 \/ EN 18221-1):<\/strong><br data-start=\"1453\" data-end=\"1456\" \/>Elimina hasta el 99,99% de part\u00edculas finas (PM2,5) como polvo, \u00e1caros, bacterias, virus, esporas y al\u00e9rgenos.<\/p>\n<\/li>\n<li class=\"\" data-start=\"1570\" data-end=\"1717\">\n<p class=\"\" data-start=\"1572\" data-end=\"1717\"><strong data-start=\"1572\" data-end=\"1602\">Filtro de carb\u00f3n activado:<\/strong><br data-start=\"1602\" data-end=\"1605\" \/>Absorbe humos, olores, vapores, gases, compuestos qu\u00edmicos arom\u00e1ticos y COVs (compuestos org\u00e1nicos vol\u00e1tiles).<\/p>\n<\/li>\n<\/ul>\n<h3 class=\"\" data-start=\"1719\" data-end=\"1747\">\u2705 Beneficios adicionales<\/h3>\n<ul data-start=\"1748\" data-end=\"2034\">\n<li class=\"\" data-start=\"1748\" data-end=\"1813\">\n<p class=\"\" data-start=\"1750\" data-end=\"1813\"><strong data-start=\"1750\" data-end=\"1775\">Luz ultravioleta (UV)<\/strong> para desinfecci\u00f3n adicional del aire.<\/p>\n<\/li>\n<li class=\"\" data-start=\"1814\" data-end=\"1873\">\n<p class=\"\" data-start=\"1816\" data-end=\"1873\"><strong data-start=\"1816\" data-end=\"1837\">Mando a distancia<\/strong> para mayor comodidad en su control.<\/p>\n<\/li>\n<li class=\"\" data-start=\"1874\" data-end=\"1947\">\n<p class=\"\" data-start=\"1876\" data-end=\"1947\"><strong data-start=\"1876\" data-end=\"1898\">Motor DC Brushless<\/strong>, silencioso, de bajo consumo y alta durabilidad.<\/p>\n<\/li>\n<li class=\"\" data-start=\"1948\" data-end=\"2034\">\n<p class=\"\" data-start=\"1950\" data-end=\"2034\"><strong data-start=\"1950\" data-end=\"1992\">Sistema de autodesconexi\u00f3n por volcado<\/strong>, garantizando seguridad en caso de ca\u00edda.<\/p>\n<\/li>\n<\/ul>\n<h3 class=\"\" data-start=\"2036\" data-end=\"2059\">\u2705 Usos recomendados<\/h3>\n<ul data-start=\"2060\" data-end=\"2454\">\n<li class=\"\" data-start=\"2060\" data-end=\"2120\">\n<p class=\"\" data-start=\"2062\" data-end=\"2120\"><strong data-start=\"2062\" data-end=\"2089\">Hogares y apartamentos:<\/strong> Salas, habitaciones, estudios.<\/p>\n<\/li>\n<li class=\"\" data-start=\"2121\" data-end=\"2197\">\n<p class=\"\" data-start=\"2123\" data-end=\"2197\"><strong data-start=\"2123\" data-end=\"2149\">Oficinas y coworkings:<\/strong> Espacios donde se comparten ambientes cerrados.<\/p>\n<\/li>\n<li class=\"\" data-start=\"2198\" data-end=\"2281\">\n<p class=\"\" data-start=\"2200\" data-end=\"2281\"><strong data-start=\"2200\" data-end=\"2228\">Consultorios y cl\u00ednicas:<\/strong> Mantiene un ambiente limpio y seguro para pacientes.<\/p>\n<\/li>\n<li class=\"\" data-start=\"2282\" data-end=\"2359\">\n<p class=\"\" data-start=\"2284\" data-end=\"2359\"><strong data-start=\"2284\" data-end=\"2311\">Hoteles y alojamientos:<\/strong> Habitaciones m\u00e1s saludables y libres de olores.<\/p>\n<\/li>\n<li class=\"\" data-start=\"2360\" data-end=\"2454\">\n<p class=\"\" data-start=\"2362\" data-end=\"2454\"><strong data-start=\"2362\" data-end=\"2397\">Gimnasios y salones de belleza:<\/strong> Espacios con alta concentraci\u00f3n de part\u00edculas y vapores.<\/p>\n<\/li>\n<\/ul>\n<p>&nbsp;<\/p>\n<a href='https:\/\/gruposumyteck.com\/files\/SP_esairpur-360.pdf' class='small-button smallblack' target=\"_blank\">Ver Ficha T\u00e9cnica<\/a>\n","protected":false},"excerpt":{"rendered":"<p>Respira mejor con este <strong data-start=\"222\" data-end=\"267\">purificador de aire port\u00e1til tipo columna<\/strong>, dise\u00f1ado para ofrecer <strong data-start=\"291\" data-end=\"360\">m\u00e1xima eficiencia, bajo consumo y funcionamiento ultra silencioso<\/strong> en estancias de hasta <strong data-start=\"383\" data-end=\"392\">50 m\u00b2<\/strong>. Gracias a su <strong data-start=\"407\" data-end=\"453\">filtraci\u00f3n en 360\u00b0 y su motor DC Brushless<\/strong>, garantiza un ambiente m\u00e1s limpio, seguro y saludable, ideal para hogares, oficinas, cl\u00ednicas y espacios cerrados.<\/p>\n<a href='https:\/\/gruposumyteck.com\/files\/SP_esairpur-360.pdf' class='small-button smallblack' target=\"_blank\">Ver Ficha T\u00e9cnica<\/a>\n","protected":false},"featured_media":6949,"template":"","meta":{"_et_pb_use_builder":"","_et_pb_old_content":"","_et_gb_content_width":""},"product_brand":[176],"product_cat":[636,251],"product_tag":[278,279,276,277,274,283,282,281,275,280],"class_list":{"0":"post-6948","1":"product","2":"type-product","3":"status-publish","4":"has-post-thumbnail","6":"product_brand-soler-y-palau","7":"product_cat-purificadores","8":"product_cat-ventilacion-residencial","9":"product_tag-aire-limpio-en-casa","10":"product_tag-eliminador-de-olores","11":"product_tag-filtro-hepa-h13","12":"product_tag-purificador-con-carbon-activado","13":"product_tag-purificador-de-aire","14":"product_tag-purificador-de-aire-colombia","15":"product_tag-purificador-para-alergias","16":"product_tag-purificador-para-oficina","17":"product_tag-purificador-portatil","18":"product_tag-purificador-silencioso","20":"first","21":"instock","22":"taxable","23":"shipping-taxable","24":"product-type-simple"},"yoast_head":"<!-- This site is optimized with the Yoast SEO plugin v27.5 - https:\/\/yoast.com\/product\/yoast-seo-wordpress\/ -->\n<title>Purificador de Aire Port\u00e1til 360\u00ba - Grupo Sumyteck SAS<\/title>\n<meta name=\"description\" content=\"Respira mejor con este purificador de aire port\u00e1til tipo columna, dise\u00f1ado para ofrecer m\u00e1xima eficiencia, bajo consumo y funcionamiento ultra silencioso\" \/>\n<meta name=\"robots\" content=\"index, follow, max-snippet:-1, max-image-preview:large, max-video-preview:-1\" \/>\n<link rel=\"canonical\" href=\"https:\/\/gruposumyteck.com\/?product=purificador-aire-portatil-360o\" \/>\n<meta property=\"og:locale\" content=\"es_ES\" \/>\n<meta property=\"og:type\" content=\"article\" \/>\n<meta property=\"og:title\" content=\"Purificador de Aire Port\u00e1til 360\u00ba - Grupo Sumyteck SAS\" \/>\n<meta property=\"og:description\" content=\"Respira mejor con este purificador de aire port\u00e1til tipo columna, dise\u00f1ado para ofrecer m\u00e1xima eficiencia, bajo consumo y funcionamiento ultra silencioso\" \/>\n<meta property=\"og:url\" content=\"https:\/\/gruposumyteck.com\/?product=purificador-aire-portatil-360o\" \/>\n<meta property=\"og:site_name\" content=\"Grupo Sumyteck SAS\" \/>\n<meta property=\"article:publisher\" content=\"https:\/\/es-la.facebook.com\/SumyteckSAS\/\" \/>\n<meta property=\"article:modified_time\" content=\"2025-04-26T13:10:34+00:00\" \/>\n<meta property=\"og:image\" content=\"https:\/\/gruposumyteck.com\/wp-content\/uploads\/2025\/04\/Tienda_residencial_purificador_aire_360.jpg\" \/>\n\t<meta property=\"og:image:width\" content=\"300\" \/>\n\t<meta property=\"og:image:height\" content=\"350\" \/>\n\t<meta property=\"og:image:type\" content=\"image\/jpeg\" \/>\n<meta name=\"twitter:card\" content=\"summary_large_image\" \/>\n<meta name=\"twitter:site\" content=\"@Sumyteck\" \/>\n<meta name=\"twitter:label1\" content=\"Tiempo de lectura\" \/>\n\t<meta name=\"twitter:data1\" content=\"2 minutos\" \/>\n<script type=\"application\/ld+json\" class=\"yoast-schema-graph\">{\"@context\":\"https:\\\/\\\/schema.org\",\"@graph\":[{\"@type\":\"WebPage\",\"@id\":\"https:\\\/\\\/gruposumyteck.com\\\/?product=purificador-aire-portatil-360o\",\"url\":\"https:\\\/\\\/gruposumyteck.com\\\/?product=purificador-aire-portatil-360o\",\"name\":\"Purificador de Aire Port\u00e1til 360\u00ba - Grupo Sumyteck SAS\",\"isPartOf\":{\"@id\":\"https:\\\/\\\/gruposumyteck.com\\\/#website\"},\"primaryImageOfPage\":{\"@id\":\"https:\\\/\\\/gruposumyteck.com\\\/?product=purificador-aire-portatil-360o#primaryimage\"},\"image\":{\"@id\":\"https:\\\/\\\/gruposumyteck.com\\\/?product=purificador-aire-portatil-360o#primaryimage\"},\"thumbnailUrl\":\"https:\\\/\\\/gruposumyteck.com\\\/wp-content\\\/uploads\\\/2025\\\/04\\\/Tienda_residencial_purificador_aire_360.jpg\",\"datePublished\":\"2025-04-20T09:30:52+00:00\",\"dateModified\":\"2025-04-26T13:10:34+00:00\",\"description\":\"Respira mejor con este purificador de aire port\u00e1til tipo columna, dise\u00f1ado para ofrecer m\u00e1xima eficiencia, bajo consumo y funcionamiento ultra silencioso\",\"breadcrumb\":{\"@id\":\"https:\\\/\\\/gruposumyteck.com\\\/?product=purificador-aire-portatil-360o#breadcrumb\"},\"inLanguage\":\"es\",\"potentialAction\":[{\"@type\":\"ReadAction\",\"target\":[\"https:\\\/\\\/gruposumyteck.com\\\/?product=purificador-aire-portatil-360o\"]}]},{\"@type\":\"ImageObject\",\"inLanguage\":\"es\",\"@id\":\"https:\\\/\\\/gruposumyteck.com\\\/?product=purificador-aire-portatil-360o#primaryimage\",\"url\":\"https:\\\/\\\/gruposumyteck.com\\\/wp-content\\\/uploads\\\/2025\\\/04\\\/Tienda_residencial_purificador_aire_360.jpg\",\"contentUrl\":\"https:\\\/\\\/gruposumyteck.com\\\/wp-content\\\/uploads\\\/2025\\\/04\\\/Tienda_residencial_purificador_aire_360.jpg\",\"width\":300,\"height\":350,\"caption\":\"Purificador de aire 360\u00b0 S&P\"},{\"@type\":\"BreadcrumbList\",\"@id\":\"https:\\\/\\\/gruposumyteck.com\\\/?product=purificador-aire-portatil-360o#breadcrumb\",\"itemListElement\":[{\"@type\":\"ListItem\",\"position\":1,\"name\":\"Inicio\",\"item\":\"https:\\\/\\\/gruposumyteck.com\\\/\"},{\"@type\":\"ListItem\",\"position\":2,\"name\":\"Productos\",\"item\":\"https:\\\/\\\/gruposumyteck.com\\\/?post_type=product\"},{\"@type\":\"ListItem\",\"position\":3,\"name\":\"Purificador de Aire Port\u00e1til 360\u00ba\"}]},{\"@type\":\"WebSite\",\"@id\":\"https:\\\/\\\/gruposumyteck.com\\\/#website\",\"url\":\"https:\\\/\\\/gruposumyteck.com\\\/\",\"name\":\"Grupo Sumyteck SAS\",\"description\":\"La mejor selecci\u00f3n de productos para ventilaci\u00f3n: extractores de aire, ventiladores industriales, ductos, compuertas, rejillas, filtros y controladores\",\"publisher\":{\"@id\":\"https:\\\/\\\/gruposumyteck.com\\\/#organization\"},\"alternateName\":\"gruposumyteck.com\",\"potentialAction\":[{\"@type\":\"SearchAction\",\"target\":{\"@type\":\"EntryPoint\",\"urlTemplate\":\"https:\\\/\\\/gruposumyteck.com\\\/?s={search_term_string}\"},\"query-input\":{\"@type\":\"PropertyValueSpecification\",\"valueRequired\":true,\"valueName\":\"search_term_string\"}}],\"inLanguage\":\"es\"},{\"@type\":\"Organization\",\"@id\":\"https:\\\/\\\/gruposumyteck.com\\\/#organization\",\"name\":\"Grupo Sumyteck SAS\",\"alternateName\":\"gruposumyteck.com\",\"url\":\"https:\\\/\\\/gruposumyteck.com\\\/\",\"logo\":{\"@type\":\"ImageObject\",\"inLanguage\":\"es\",\"@id\":\"https:\\\/\\\/gruposumyteck.com\\\/#\\\/schema\\\/logo\\\/image\\\/\",\"url\":\"https:\\\/\\\/gruposumyteck.com\\\/wp-content\\\/uploads\\\/2024\\\/03\\\/Favicon.png\",\"contentUrl\":\"https:\\\/\\\/gruposumyteck.com\\\/wp-content\\\/uploads\\\/2024\\\/03\\\/Favicon.png\",\"width\":384,\"height\":384,\"caption\":\"Grupo Sumyteck SAS\"},\"image\":{\"@id\":\"https:\\\/\\\/gruposumyteck.com\\\/#\\\/schema\\\/logo\\\/image\\\/\"},\"sameAs\":[\"https:\\\/\\\/es-la.facebook.com\\\/SumyteckSAS\\\/\",\"https:\\\/\\\/x.com\\\/Sumyteck\",\"https:\\\/\\\/www.youtube.com\\\/channel\\\/UCoHQzJTzEsi317O4N3k9Zbw\",\"https:\\\/\\\/www.instagram.com\\\/gruposumyteck\\\/\"]}]}<\/script>\n<!-- \/ Yoast SEO plugin. -->","yoast_head_json":{"title":"Purificador de Aire Port\u00e1til 360\u00ba - Grupo Sumyteck SAS","description":"Respira mejor con este purificador de aire port\u00e1til tipo columna, dise\u00f1ado para ofrecer m\u00e1xima eficiencia, bajo consumo y funcionamiento ultra silencioso","robots":{"index":"index","follow":"follow","max-snippet":"max-snippet:-1","max-image-preview":"max-image-preview:large","max-video-preview":"max-video-preview:-1"},"canonical":"https:\/\/gruposumyteck.com\/?product=purificador-aire-portatil-360o","og_locale":"es_ES","og_type":"article","og_title":"Purificador de Aire Port\u00e1til 360\u00ba - Grupo Sumyteck SAS","og_description":"Respira mejor con este purificador de aire port\u00e1til tipo columna, dise\u00f1ado para ofrecer m\u00e1xima eficiencia, bajo consumo y funcionamiento ultra silencioso","og_url":"https:\/\/gruposumyteck.com\/?product=purificador-aire-portatil-360o","og_site_name":"Grupo Sumyteck SAS","article_publisher":"https:\/\/es-la.facebook.com\/SumyteckSAS\/","article_modified_time":"2025-04-26T13:10:34+00:00","og_image":[{"width":300,"height":350,"url":"https:\/\/gruposumyteck.com\/wp-content\/uploads\/2025\/04\/Tienda_residencial_purificador_aire_360.jpg","type":"image\/jpeg"}],"twitter_card":"summary_large_image","twitter_site":"@Sumyteck","twitter_misc":{"Tiempo de lectura":"2 minutos"},"schema":{"@context":"https:\/\/schema.org","@graph":[{"@type":"WebPage","@id":"https:\/\/gruposumyteck.com\/?product=purificador-aire-portatil-360o","url":"https:\/\/gruposumyteck.com\/?product=purificador-aire-portatil-360o","name":"Purificador de Aire Port\u00e1til 360\u00ba - Grupo Sumyteck SAS","isPartOf":{"@id":"https:\/\/gruposumyteck.com\/#website"},"primaryImageOfPage":{"@id":"https:\/\/gruposumyteck.com\/?product=purificador-aire-portatil-360o#primaryimage"},"image":{"@id":"https:\/\/gruposumyteck.com\/?product=purificador-aire-portatil-360o#primaryimage"},"thumbnailUrl":"https:\/\/gruposumyteck.com\/wp-content\/uploads\/2025\/04\/Tienda_residencial_purificador_aire_360.jpg","datePublished":"2025-04-20T09:30:52+00:00","dateModified":"2025-04-26T13:10:34+00:00","description":"Respira mejor con este purificador de aire port\u00e1til tipo columna, dise\u00f1ado para ofrecer m\u00e1xima eficiencia, bajo consumo y funcionamiento ultra silencioso","breadcrumb":{"@id":"https:\/\/gruposumyteck.com\/?product=purificador-aire-portatil-360o#breadcrumb"},"inLanguage":"es","potentialAction":[{"@type":"ReadAction","target":["https:\/\/gruposumyteck.com\/?product=purificador-aire-portatil-360o"]}]},{"@type":"ImageObject","inLanguage":"es","@id":"https:\/\/gruposumyteck.com\/?product=purificador-aire-portatil-360o#primaryimage","url":"https:\/\/gruposumyteck.com\/wp-content\/uploads\/2025\/04\/Tienda_residencial_purificador_aire_360.jpg","contentUrl":"https:\/\/gruposumyteck.com\/wp-content\/uploads\/2025\/04\/Tienda_residencial_purificador_aire_360.jpg","width":300,"height":350,"caption":"Purificador de aire 360\u00b0 S&P"},{"@type":"BreadcrumbList","@id":"https:\/\/gruposumyteck.com\/?product=purificador-aire-portatil-360o#breadcrumb","itemListElement":[{"@type":"ListItem","position":1,"name":"Inicio","item":"https:\/\/gruposumyteck.com\/"},{"@type":"ListItem","position":2,"name":"Productos","item":"https:\/\/gruposumyteck.com\/?post_type=product"},{"@type":"ListItem","position":3,"name":"Purificador de Aire Port\u00e1til 360\u00ba"}]},{"@type":"WebSite","@id":"https:\/\/gruposumyteck.com\/#website","url":"https:\/\/gruposumyteck.com\/","name":"Grupo Sumyteck SAS","description":"La mejor selecci\u00f3n de productos para ventilaci\u00f3n: extractores de aire, ventiladores industriales, ductos, compuertas, rejillas, filtros y controladores","publisher":{"@id":"https:\/\/gruposumyteck.com\/#organization"},"alternateName":"gruposumyteck.com","potentialAction":[{"@type":"SearchAction","target":{"@type":"EntryPoint","urlTemplate":"https:\/\/gruposumyteck.com\/?s={search_term_string}"},"query-input":{"@type":"PropertyValueSpecification","valueRequired":true,"valueName":"search_term_string"}}],"inLanguage":"es"},{"@type":"Organization","@id":"https:\/\/gruposumyteck.com\/#organization","name":"Grupo Sumyteck SAS","alternateName":"gruposumyteck.com","url":"https:\/\/gruposumyteck.com\/","logo":{"@type":"ImageObject","inLanguage":"es","@id":"https:\/\/gruposumyteck.com\/#\/schema\/logo\/image\/","url":"https:\/\/gruposumyteck.com\/wp-content\/uploads\/2024\/03\/Favicon.png","contentUrl":"https:\/\/gruposumyteck.com\/wp-content\/uploads\/2024\/03\/Favicon.png","width":384,"height":384,"caption":"Grupo Sumyteck SAS"},"image":{"@id":"https:\/\/gruposumyteck.com\/#\/schema\/logo\/image\/"},"sameAs":["https:\/\/es-la.facebook.com\/SumyteckSAS\/","https:\/\/x.com\/Sumyteck","https:\/\/www.youtube.com\/channel\/UCoHQzJTzEsi317O4N3k9Zbw","https:\/\/www.instagram.com\/gruposumyteck\/"]}]}},"_links":{"self":[{"href":"https:\/\/gruposumyteck.com\/index.php?rest_route=\/wp\/v2\/product\/6948","targetHints":{"allow":["GET"]}}],"collection":[{"href":"https:\/\/gruposumyteck.com\/index.php?rest_route=\/wp\/v2\/product"}],"about":[{"href":"https:\/\/gruposumyteck.com\/index.php?rest_route=\/wp\/v2\/types\/product"}],"wp:featuredmedia":[{"embeddable":true,"href":"https:\/\/gruposumyteck.com\/index.php?rest_route=\/wp\/v2\/media\/6949"}],"wp:attachment":[{"href":"https:\/\/gruposumyteck.com\/index.php?rest_route=%2Fwp%2Fv2%2Fmedia&parent=6948"}],"wp:term":[{"taxonomy":"product_brand","embeddable":true,"href":"https:\/\/gruposumyteck.com\/index.php?rest_route=%2Fwp%2Fv2%2Fproduct_brand&post=6948"},{"taxonomy":"product_cat","embeddable":true,"href":"https:\/\/gruposumyteck.com\/index.php?rest_route=%2Fwp%2Fv2%2Fproduct_cat&post=6948"},{"taxonomy":"product_tag","embeddable":true,"href":"https:\/\/gruposumyteck.com\/index.php?rest_route=%2Fwp%2Fv2%2Fproduct_tag&post=6948"}],"curies":[{"name":"wp","href":"https:\/\/api.w.org\/{rel}","templated":true}]}}