{"id":3933,"date":"2021-07-25T19:04:53","date_gmt":"2021-07-26T00:04:53","guid":{"rendered":"https:\/\/sumyteck.com\/?post_type=product&#038;p=3933"},"modified":"2025-04-27T20:03:20","modified_gmt":"2025-04-28T01:03:20","slug":"ducto-para-cocina","status":"publish","type":"product","link":"https:\/\/gruposumyteck.com\/?product=ducto-para-cocina","title":{"rendered":"Ducto para Cocina"},"content":{"rendered":"<p>Fabricado en l\u00e1mina met\u00e1lica <strong data-start=\"138\" data-end=\"163\" data-is-only-node=\"\">calibre 16 o superior<\/strong>, este ducto galvanizado es ideal para la <strong data-start=\"205\" data-end=\"259\">distribuci\u00f3n de aire y extracci\u00f3n de humo y grasas<\/strong> en <strong data-start=\"263\" data-end=\"287\">cocinas industriales<\/strong>. Cuenta con <strong data-start=\"300\" data-end=\"322\">flanches en \u00e1ngulo<\/strong> acoplados en sus extremos, que permiten una instalaci\u00f3n segura mediante <strong data-start=\"395\" data-end=\"454\">tornillos, empaquetadura y silicona de alta temperatura<\/strong>, garantizando un sellado eficiente y resistente.<\/p>\n<p><strong>Ventajas ductos de Cocina<\/strong><\/p>\n<ul>\n<li class=\"\" data-start=\"75\" data-end=\"215\">\n<p class=\"\" data-start=\"78\" data-end=\"215\"><strong data-start=\"78\" data-end=\"110\">Mejoran la calidad del aire:<\/strong> Permiten evacuar humo, vapores, grasas y olores, creando un ambiente m\u00e1s limpio y seguro en la cocina.<\/p>\n<\/li>\n<li class=\"\" data-start=\"216\" data-end=\"367\">\n<p class=\"\" data-start=\"219\" data-end=\"367\"><strong data-start=\"219\" data-end=\"256\">Resistentes a altas temperaturas:<\/strong> Fabricados en l\u00e1mina galvanizada o acero, soportan las altas temperaturas generadas en cocinas industriales.<\/p>\n<\/li>\n<li class=\"\" data-start=\"368\" data-end=\"527\">\n<p class=\"\" data-start=\"371\" data-end=\"527\"><strong data-start=\"371\" data-end=\"406\">F\u00e1cil mantenimiento y limpieza:<\/strong> Su dise\u00f1o liso y modular facilita la limpieza interna, evitando acumulaci\u00f3n de grasa y reduciendo riesgos de incendio.<\/p>\n<\/li>\n<li class=\"\" data-start=\"528\" data-end=\"686\">\n<p class=\"\" data-start=\"531\" data-end=\"686\"><strong data-start=\"531\" data-end=\"561\">Durabilidad y resistencia:<\/strong> Materiales de alta calidad como el galvanizado Cal. 16 o superior garantizan larga vida \u00fatil y resistencia a la corrosi\u00f3n.<\/p>\n<\/li>\n<li class=\"\" data-start=\"687\" data-end=\"856\">\n<p class=\"\" data-start=\"690\" data-end=\"856\"><strong data-start=\"690\" data-end=\"725\">Instalaci\u00f3n segura y eficiente:<\/strong> Se ensamblan mediante flanches, tornillos, empaquetadura y silicona de alta temperatura, asegurando un sellado herm\u00e9tico y seguro.<\/p>\n<\/li>\n<\/ul>\n<p>&nbsp;<\/p>\n","protected":false},"excerpt":{"rendered":"<p>Fabricado en l\u00e1mina met\u00e1lica <strong data-start=\"138\" data-end=\"163\" data-is-only-node=\"\">calibre 16 o superior<\/strong>, este ducto galvanizado es ideal para la <strong data-start=\"205\" data-end=\"259\">distribuci\u00f3n de aire y extracci\u00f3n de humo y grasas<\/strong> en <strong data-start=\"263\" data-end=\"287\">cocinas industriales<\/strong>. Cuenta con <strong data-start=\"300\" data-end=\"322\">flanches en \u00e1ngulo<\/strong> acoplados en sus extremos, que permiten una instalaci\u00f3n segura mediante <strong data-start=\"395\" data-end=\"454\">tornillos, empaquetadura y silicona de alta temperatura<\/strong>, garantizando un sellado eficiente y resistente.<\/p>\n","protected":false},"featured_media":7160,"template":"","meta":{"_et_pb_use_builder":"","_et_pb_old_content":"","_et_gb_content_width":""},"product_brand":[31],"product_cat":[30],"product_tag":[47,32,46,44,41,45,42,48,36,43],"class_list":{"0":"post-3933","1":"product","2":"type-product","3":"status-publish","4":"has-post-thumbnail","6":"product_brand-grupo-sumyteck","7":"product_cat-accesorios-ventilacion","8":"product_tag-ducteria-galvanizada-cocina","9":"product_tag-ductos-galvanizados","10":"product_tag-ductos-metalicos-cocina","11":"product_tag-ductos-para-campanas","12":"product_tag-ductos-para-cocina","13":"product_tag-evacuacion-de-grasas","14":"product_tag-extraccion-de-humo","15":"product_tag-instalacion-de-ductos-cocina","16":"product_tag-sistemas-de-ventilacion","17":"product_tag-ventilacion-para-cocinas-industriales","19":"first","20":"instock","21":"taxable","22":"shipping-taxable","23":"product-type-simple"},"yoast_head":"<!-- This site is optimized with the Yoast SEO plugin v27.5 - https:\/\/yoast.com\/product\/yoast-seo-wordpress\/ -->\n<title>Ducto para Cocina - Grupo Sumyteck SAS<\/title>\n<meta name=\"description\" content=\"Fabricado en l\u00e1mina met\u00e1lica Cal. 16 o superior,cerrados con soldadura longitudinal con acabado superficial en su mayor\u00eda galvanizado.\" \/>\n<meta name=\"robots\" content=\"index, follow, max-snippet:-1, max-image-preview:large, max-video-preview:-1\" \/>\n<link rel=\"canonical\" href=\"https:\/\/gruposumyteck.com\/?product=ducto-para-cocina\" \/>\n<meta property=\"og:locale\" content=\"es_ES\" \/>\n<meta property=\"og:type\" content=\"article\" \/>\n<meta property=\"og:title\" content=\"Ducto para Cocina - Grupo Sumyteck SAS\" \/>\n<meta property=\"og:description\" content=\"Fabricado en l\u00e1mina met\u00e1lica Cal. 16 o superior,cerrados con soldadura longitudinal con acabado superficial en su mayor\u00eda galvanizado.\" \/>\n<meta property=\"og:url\" content=\"https:\/\/gruposumyteck.com\/?product=ducto-para-cocina\" \/>\n<meta property=\"og:site_name\" content=\"Grupo Sumyteck SAS\" \/>\n<meta property=\"article:publisher\" content=\"https:\/\/es-la.facebook.com\/SumyteckSAS\/\" \/>\n<meta property=\"article:modified_time\" content=\"2025-04-28T01:03:20+00:00\" \/>\n<meta property=\"og:image\" content=\"https:\/\/gruposumyteck.com\/wp-content\/uploads\/2021\/07\/Tienda_accesorios_ventilacion_ducto_cocina.jpg\" \/>\n\t<meta property=\"og:image:width\" content=\"300\" \/>\n\t<meta property=\"og:image:height\" content=\"350\" \/>\n\t<meta property=\"og:image:type\" content=\"image\/jpeg\" \/>\n<meta name=\"twitter:card\" content=\"summary_large_image\" \/>\n<meta name=\"twitter:site\" content=\"@Sumyteck\" \/>\n<meta name=\"twitter:label1\" content=\"Tiempo de lectura\" \/>\n\t<meta name=\"twitter:data1\" content=\"1 minuto\" \/>\n<script type=\"application\/ld+json\" class=\"yoast-schema-graph\">{\"@context\":\"https:\\\/\\\/schema.org\",\"@graph\":[{\"@type\":\"WebPage\",\"@id\":\"https:\\\/\\\/gruposumyteck.com\\\/?product=ducto-para-cocina\",\"url\":\"https:\\\/\\\/gruposumyteck.com\\\/?product=ducto-para-cocina\",\"name\":\"Ducto para Cocina - Grupo Sumyteck SAS\",\"isPartOf\":{\"@id\":\"https:\\\/\\\/gruposumyteck.com\\\/#website\"},\"primaryImageOfPage\":{\"@id\":\"https:\\\/\\\/gruposumyteck.com\\\/?product=ducto-para-cocina#primaryimage\"},\"image\":{\"@id\":\"https:\\\/\\\/gruposumyteck.com\\\/?product=ducto-para-cocina#primaryimage\"},\"thumbnailUrl\":\"https:\\\/\\\/gruposumyteck.com\\\/wp-content\\\/uploads\\\/2021\\\/07\\\/Tienda_accesorios_ventilacion_ducto_cocina.jpg\",\"datePublished\":\"2021-07-26T00:04:53+00:00\",\"dateModified\":\"2025-04-28T01:03:20+00:00\",\"description\":\"Fabricado en l\u00e1mina met\u00e1lica Cal. 16 o superior,cerrados con soldadura longitudinal con acabado superficial en su mayor\u00eda galvanizado.\",\"breadcrumb\":{\"@id\":\"https:\\\/\\\/gruposumyteck.com\\\/?product=ducto-para-cocina#breadcrumb\"},\"inLanguage\":\"es\",\"potentialAction\":[{\"@type\":\"ReadAction\",\"target\":[\"https:\\\/\\\/gruposumyteck.com\\\/?product=ducto-para-cocina\"]}]},{\"@type\":\"ImageObject\",\"inLanguage\":\"es\",\"@id\":\"https:\\\/\\\/gruposumyteck.com\\\/?product=ducto-para-cocina#primaryimage\",\"url\":\"https:\\\/\\\/gruposumyteck.com\\\/wp-content\\\/uploads\\\/2021\\\/07\\\/Tienda_accesorios_ventilacion_ducto_cocina.jpg\",\"contentUrl\":\"https:\\\/\\\/gruposumyteck.com\\\/wp-content\\\/uploads\\\/2021\\\/07\\\/Tienda_accesorios_ventilacion_ducto_cocina.jpg\",\"width\":300,\"height\":350,\"caption\":\"Ducto para Cocina\"},{\"@type\":\"BreadcrumbList\",\"@id\":\"https:\\\/\\\/gruposumyteck.com\\\/?product=ducto-para-cocina#breadcrumb\",\"itemListElement\":[{\"@type\":\"ListItem\",\"position\":1,\"name\":\"Inicio\",\"item\":\"https:\\\/\\\/gruposumyteck.com\\\/\"},{\"@type\":\"ListItem\",\"position\":2,\"name\":\"Productos\",\"item\":\"https:\\\/\\\/gruposumyteck.com\\\/?post_type=product\"},{\"@type\":\"ListItem\",\"position\":3,\"name\":\"Ducto para Cocina\"}]},{\"@type\":\"WebSite\",\"@id\":\"https:\\\/\\\/gruposumyteck.com\\\/#website\",\"url\":\"https:\\\/\\\/gruposumyteck.com\\\/\",\"name\":\"Grupo Sumyteck SAS\",\"description\":\"La mejor selecci\u00f3n de productos para ventilaci\u00f3n: extractores de aire, ventiladores industriales, ductos, compuertas, rejillas, filtros y controladores\",\"publisher\":{\"@id\":\"https:\\\/\\\/gruposumyteck.com\\\/#organization\"},\"alternateName\":\"gruposumyteck.com\",\"potentialAction\":[{\"@type\":\"SearchAction\",\"target\":{\"@type\":\"EntryPoint\",\"urlTemplate\":\"https:\\\/\\\/gruposumyteck.com\\\/?s={search_term_string}\"},\"query-input\":{\"@type\":\"PropertyValueSpecification\",\"valueRequired\":true,\"valueName\":\"search_term_string\"}}],\"inLanguage\":\"es\"},{\"@type\":\"Organization\",\"@id\":\"https:\\\/\\\/gruposumyteck.com\\\/#organization\",\"name\":\"Grupo Sumyteck SAS\",\"alternateName\":\"gruposumyteck.com\",\"url\":\"https:\\\/\\\/gruposumyteck.com\\\/\",\"logo\":{\"@type\":\"ImageObject\",\"inLanguage\":\"es\",\"@id\":\"https:\\\/\\\/gruposumyteck.com\\\/#\\\/schema\\\/logo\\\/image\\\/\",\"url\":\"https:\\\/\\\/gruposumyteck.com\\\/wp-content\\\/uploads\\\/2024\\\/03\\\/Favicon.png\",\"contentUrl\":\"https:\\\/\\\/gruposumyteck.com\\\/wp-content\\\/uploads\\\/2024\\\/03\\\/Favicon.png\",\"width\":384,\"height\":384,\"caption\":\"Grupo Sumyteck SAS\"},\"image\":{\"@id\":\"https:\\\/\\\/gruposumyteck.com\\\/#\\\/schema\\\/logo\\\/image\\\/\"},\"sameAs\":[\"https:\\\/\\\/es-la.facebook.com\\\/SumyteckSAS\\\/\",\"https:\\\/\\\/x.com\\\/Sumyteck\",\"https:\\\/\\\/www.youtube.com\\\/channel\\\/UCoHQzJTzEsi317O4N3k9Zbw\",\"https:\\\/\\\/www.instagram.com\\\/gruposumyteck\\\/\"]}]}<\/script>\n<!-- \/ Yoast SEO plugin. -->","yoast_head_json":{"title":"Ducto para Cocina - Grupo Sumyteck SAS","description":"Fabricado en l\u00e1mina met\u00e1lica Cal. 16 o superior,cerrados con soldadura longitudinal con acabado superficial en su mayor\u00eda galvanizado.","robots":{"index":"index","follow":"follow","max-snippet":"max-snippet:-1","max-image-preview":"max-image-preview:large","max-video-preview":"max-video-preview:-1"},"canonical":"https:\/\/gruposumyteck.com\/?product=ducto-para-cocina","og_locale":"es_ES","og_type":"article","og_title":"Ducto para Cocina - Grupo Sumyteck SAS","og_description":"Fabricado en l\u00e1mina met\u00e1lica Cal. 16 o superior,cerrados con soldadura longitudinal con acabado superficial en su mayor\u00eda galvanizado.","og_url":"https:\/\/gruposumyteck.com\/?product=ducto-para-cocina","og_site_name":"Grupo Sumyteck SAS","article_publisher":"https:\/\/es-la.facebook.com\/SumyteckSAS\/","article_modified_time":"2025-04-28T01:03:20+00:00","og_image":[{"width":300,"height":350,"url":"https:\/\/gruposumyteck.com\/wp-content\/uploads\/2021\/07\/Tienda_accesorios_ventilacion_ducto_cocina.jpg","type":"image\/jpeg"}],"twitter_card":"summary_large_image","twitter_site":"@Sumyteck","twitter_misc":{"Tiempo de lectura":"1 minuto"},"schema":{"@context":"https:\/\/schema.org","@graph":[{"@type":"WebPage","@id":"https:\/\/gruposumyteck.com\/?product=ducto-para-cocina","url":"https:\/\/gruposumyteck.com\/?product=ducto-para-cocina","name":"Ducto para Cocina - Grupo Sumyteck SAS","isPartOf":{"@id":"https:\/\/gruposumyteck.com\/#website"},"primaryImageOfPage":{"@id":"https:\/\/gruposumyteck.com\/?product=ducto-para-cocina#primaryimage"},"image":{"@id":"https:\/\/gruposumyteck.com\/?product=ducto-para-cocina#primaryimage"},"thumbnailUrl":"https:\/\/gruposumyteck.com\/wp-content\/uploads\/2021\/07\/Tienda_accesorios_ventilacion_ducto_cocina.jpg","datePublished":"2021-07-26T00:04:53+00:00","dateModified":"2025-04-28T01:03:20+00:00","description":"Fabricado en l\u00e1mina met\u00e1lica Cal. 16 o superior,cerrados con soldadura longitudinal con acabado superficial en su mayor\u00eda galvanizado.","breadcrumb":{"@id":"https:\/\/gruposumyteck.com\/?product=ducto-para-cocina#breadcrumb"},"inLanguage":"es","potentialAction":[{"@type":"ReadAction","target":["https:\/\/gruposumyteck.com\/?product=ducto-para-cocina"]}]},{"@type":"ImageObject","inLanguage":"es","@id":"https:\/\/gruposumyteck.com\/?product=ducto-para-cocina#primaryimage","url":"https:\/\/gruposumyteck.com\/wp-content\/uploads\/2021\/07\/Tienda_accesorios_ventilacion_ducto_cocina.jpg","contentUrl":"https:\/\/gruposumyteck.com\/wp-content\/uploads\/2021\/07\/Tienda_accesorios_ventilacion_ducto_cocina.jpg","width":300,"height":350,"caption":"Ducto para Cocina"},{"@type":"BreadcrumbList","@id":"https:\/\/gruposumyteck.com\/?product=ducto-para-cocina#breadcrumb","itemListElement":[{"@type":"ListItem","position":1,"name":"Inicio","item":"https:\/\/gruposumyteck.com\/"},{"@type":"ListItem","position":2,"name":"Productos","item":"https:\/\/gruposumyteck.com\/?post_type=product"},{"@type":"ListItem","position":3,"name":"Ducto para Cocina"}]},{"@type":"WebSite","@id":"https:\/\/gruposumyteck.com\/#website","url":"https:\/\/gruposumyteck.com\/","name":"Grupo Sumyteck SAS","description":"La mejor selecci\u00f3n de productos para ventilaci\u00f3n: extractores de aire, ventiladores industriales, ductos, compuertas, rejillas, filtros y controladores","publisher":{"@id":"https:\/\/gruposumyteck.com\/#organization"},"alternateName":"gruposumyteck.com","potentialAction":[{"@type":"SearchAction","target":{"@type":"EntryPoint","urlTemplate":"https:\/\/gruposumyteck.com\/?s={search_term_string}"},"query-input":{"@type":"PropertyValueSpecification","valueRequired":true,"valueName":"search_term_string"}}],"inLanguage":"es"},{"@type":"Organization","@id":"https:\/\/gruposumyteck.com\/#organization","name":"Grupo Sumyteck SAS","alternateName":"gruposumyteck.com","url":"https:\/\/gruposumyteck.com\/","logo":{"@type":"ImageObject","inLanguage":"es","@id":"https:\/\/gruposumyteck.com\/#\/schema\/logo\/image\/","url":"https:\/\/gruposumyteck.com\/wp-content\/uploads\/2024\/03\/Favicon.png","contentUrl":"https:\/\/gruposumyteck.com\/wp-content\/uploads\/2024\/03\/Favicon.png","width":384,"height":384,"caption":"Grupo Sumyteck SAS"},"image":{"@id":"https:\/\/gruposumyteck.com\/#\/schema\/logo\/image\/"},"sameAs":["https:\/\/es-la.facebook.com\/SumyteckSAS\/","https:\/\/x.com\/Sumyteck","https:\/\/www.youtube.com\/channel\/UCoHQzJTzEsi317O4N3k9Zbw","https:\/\/www.instagram.com\/gruposumyteck\/"]}]}},"_links":{"self":[{"href":"https:\/\/gruposumyteck.com\/index.php?rest_route=\/wp\/v2\/product\/3933","targetHints":{"allow":["GET"]}}],"collection":[{"href":"https:\/\/gruposumyteck.com\/index.php?rest_route=\/wp\/v2\/product"}],"about":[{"href":"https:\/\/gruposumyteck.com\/index.php?rest_route=\/wp\/v2\/types\/product"}],"wp:featuredmedia":[{"embeddable":true,"href":"https:\/\/gruposumyteck.com\/index.php?rest_route=\/wp\/v2\/media\/7160"}],"wp:attachment":[{"href":"https:\/\/gruposumyteck.com\/index.php?rest_route=%2Fwp%2Fv2%2Fmedia&parent=3933"}],"wp:term":[{"taxonomy":"product_brand","embeddable":true,"href":"https:\/\/gruposumyteck.com\/index.php?rest_route=%2Fwp%2Fv2%2Fproduct_brand&post=3933"},{"taxonomy":"product_cat","embeddable":true,"href":"https:\/\/gruposumyteck.com\/index.php?rest_route=%2Fwp%2Fv2%2Fproduct_cat&post=3933"},{"taxonomy":"product_tag","embeddable":true,"href":"https:\/\/gruposumyteck.com\/index.php?rest_route=%2Fwp%2Fv2%2Fproduct_tag&post=3933"}],"curies":[{"name":"wp","href":"https:\/\/api.w.org\/{rel}","templated":true}]}}