{"id":3851,"date":"2021-04-12T13:04:55","date_gmt":"2021-04-12T18:04:55","guid":{"rendered":"https:\/\/sumyteck.com\/?post_type=product&#038;p=3851"},"modified":"2025-04-27T21:55:11","modified_gmt":"2025-04-28T02:55:11","slug":"varicel-i-sh-dh-y-ht-american-air-filter","status":"publish","type":"product","link":"https:\/\/gruposumyteck.com\/?product=varicel-i-sh-dh-y-ht-american-air-filter","title":{"rendered":"Filtro Varicel I SH, DH Y HT AAF"},"content":{"rendered":"<p>Filtros de aire que est\u00e1n dise\u00f1ados para atrapar y concentrar los contaminantes del aire en forma de part\u00edculas, incluyendo hongos viables y esporas bacterianas, con pliegues y separadores para mayor firmeza y desplazamiento del flujo de aire, cn cabeceras en acero galvanizado, profundidades de 6&#8243; y 12&#8243;, eficiencias disponibles Merv 11,13 y 14, opci\u00f3n de recubrimiento con antimicrobial Merv 11 y 14<\/p>\n<h3>Dise\u00f1ado para mejorar la calidad del aire interior<\/h3>\n<p>Los filtros VariCel con antimicrobiano est\u00e1n dise\u00f1ados espec\u00edficamente para mejorar la calidad del aire interior (IAQ).\u00a0Los filtros de aire est\u00e1n dise\u00f1ados para atrapar y concentrar part\u00edculas contaminantes del aire, incluidas esporas viables de hongos y bacterias.\u00a0La presencia de conservante antimicrobiano en el medio filtrante tiene como objetivo preservar la integridad del medio durante toda la vida \u00fatil del filtro.\u00a0Los conservantes antimicrobianos no est\u00e1n destinados a aumentar la eficiencia del filtro ni a matar microorganismos \u00absobre la marcha\u00bb cuando pasan a trav\u00e9s de un filtro.\u00a0El antimicrobiano est\u00e1 registrado por la EPA y es seguro para el medio ambiente.<\/p>\n<h3>Los medios de doble densidad reducen los costos operativos<\/h3>\n<p>Los medios VariCel se fabrican con dos capas de fibras de vidrio, fibras m\u00e1s gruesas en el lado de entrada de aire y fibras m\u00e1s finas en el lado de salida de aire.\u00a0Nuestro dise\u00f1o de doble densidad permite que las part\u00edculas de suciedad se acumulen en toda la profundidad del filtro, utilizando todo el potencial de limpieza del medio.\u00a0La capacidad m\u00e1xima de retenci\u00f3n de polvo extiende la vida \u00fatil del filtro, minimizando los costos operativos.\u00a0El medio resistente al agua puede soportar la exposici\u00f3n intermitente al agua, lo que hace que los filtros VariCel sean ideales para instalaciones en \u00e1reas h\u00famedas o donde los filtros est\u00e1n expuestos a la humedad.<\/p>\n<p><span style=\"color: #333333; font-size: 22px;\">Cabecera \u00fanica tipo SH<\/span><\/p>\n<p>Los filtros VariCel est\u00e1n dise\u00f1ados para sistemas suministrados por AAF Flanders.\u00a0Un cabezal con brida exclusivo de 13\u204416 \u2033 en el lado de entrada de aire permite que el filtro se inserte y se enganche f\u00e1cilmente en los sistemas de acceso frontal y lateral.<\/p>\n<p><span style=\"color: #333333; font-size: 22px;\">Cabecera doble tipo DH<\/span><\/p>\n<p>Los filtros VariCel est\u00e1n dise\u00f1ados para mejorar el rendimiento y la confiabilidad de la limpieza del aire.\u00a0Dos cabezales con brida de 13\u204416 \u2033 de espesor hacen que los filtros sean compatibles con los marcos de sujeci\u00f3n y los dispositivos de cierre de varios fabricantes, incluidos los sistemas de acceso trasero.<\/p>\n<p><span style=\"color: #333333; font-size: 22px;\">Serie XL<\/span><\/p>\n<p>Los filtros VariCel, cabezal simple (XL-S) y cabezal doble (XL-D), contienen hasta un 67% m\u00e1s de medios y ofrecen m\u00e1s del doble de vida \u00fatil que los modelos est\u00e1ndar de cabezal simple y doble.\u00a0Los filtros VariCel de la serie XL se ofrecen en una profundidad de 12 \u2033, MERV 14 y MERV 11.<\/p>\n<h3>Tipo Serie HT (alta temperatura)<\/h3>\n<p>Los filtros VariCel est\u00e1n dise\u00f1ados para sistemas que operan desde 350 \u00b0 -900 \u00b0 F.\u00a0Construidos de acero aluminizado, los filtros HT VariCel ofrecen eficiencia nominal con confiabilidad probada durante la vida \u00fatil del filtro.\u00a0Los filtros HT VariCel se ofrecen en una profundidad de 12 \u2033, MERV 14 y MERV 11.<\/p>\n<h3>Tipo Serie NH<\/h3>\n<p>Los filtros VariCel est\u00e1n dise\u00f1ados para tama\u00f1os y aplicaciones especiales, incluidos los sistemas de eliminaci\u00f3n por incineraci\u00f3n y compactaci\u00f3n.\u00a0Fabricados con tableros de part\u00edculas de paredes gruesas, retardantes de fuego, de \u00be \u2033 de espesor, los filtros VariCel Tipo NH est\u00e1n clasificados por UL y funcionan a temperaturas de hasta 200 \u00b0 F.\u00a0Los filtros est\u00e1n construidos sin cabezales y los lados de la celda est\u00e1n alineados con las dimensiones de la cara frontal.<\/p>\n<p><span style=\"color: #333333; font-size: 22px;\">Construido resistente para un rendimiento confiable<\/span><\/p>\n<p>La construcci\u00f3n r\u00edgida de VariCel con paquete de medios con pliegues soportados mantiene una estructura compacta y unificada incluso en condiciones de funcionamiento dif\u00edciles.\u00a0La velocidad variable del aire y el apagado repetido del ventilador no comprometen el rendimiento.<\/p>\n<h3>Construcci\u00f3n unificada<\/h3>\n<p>Los lados del cabezal y la celda entrelazados, a lo largo de toda la longitud de cada lado, brindan un sellado m\u00e1ximo.\u00a0Los filtros de la competencia est\u00e1n dise\u00f1ados con cabezales de ajuste holgado, que permiten un mayor potencial de fuga de derivaci\u00f3n.<\/p>\n<h3>Pliegues y separadores unidos para mayor resistencia<\/h3>\n<p>Durante el proceso de plisado, se aplican puntos de pegamento para unir cada separador al plisado adyacente.\u00a0Esto solidifica el paquete de medios para minimizar el movimiento y evitar da\u00f1os en los medios.\u00a0La resistencia al estallido aumenta para evitar que el filtro se escape en condiciones de volumen de aire variable o con una resistencia inusualmente alta.<\/p>\n<p>Los cabezales de acero galvanizado y los lados de la celda resisten los da\u00f1os durante el transporte y la manipulaci\u00f3n, y evitan la corrosi\u00f3n durante una vida \u00fatil prolongada (los filtros HT VariCel est\u00e1n fabricados con acero aluminizado).<\/p>\n<p>&nbsp;<\/p>\n<h3>F\u00e1cil instalaci\u00f3n<\/h3>\n<p>La construcci\u00f3n r\u00edgida y la profundidad m\u00ednima hacen que los filtros VariCel sean f\u00e1ciles de instalar en todo tipo de sistemas.<\/p>\n<h3>Opciones<\/h3>\n<p>Los filtros VariCel se pueden pedir con protectores faciales hechos de acero aplanado, expandido, galvanizado o aluminizado en uno o ambos lados del filtro.<\/p>\n<p>Las juntas instaladas en f\u00e1brica est\u00e1n disponibles en la parte delantera o trasera del cabezal.<\/p>\n<p>Los separadores revestidos de vinilo est\u00e1n disponibles para condiciones corrosivas.<\/p>\n<p>Tambi\u00e9n se encuentran disponibles filtros VariCel de cabezal \u00fanico de 1\u215b \u2033, dise\u00f1ados para equipos de otros fabricantes.<\/p>\n<a href='https:\/\/gruposumyteck.com\/files\/AA_VariCel_AFP-1-158BB.pdf' class='small-button smallblack' target=\"_blank\">Ver Ficha T\u00e9cnica<\/a>\n<p>&nbsp;<\/p>\n","protected":false},"excerpt":{"rendered":"<p>Filtros de aire que est\u00e1n dise\u00f1ados para atrapar y concentrar los contaminantes del aire en forma de part\u00edculas, incluyendo hongos viables y esporas bacterianas, con pliegues y separadores para mayor firmeza y desplazamiento del flujo de aire, cn cabeceras en acero galvanizado, profundidades de 6&#8243; y 12&#8243;, eficiencias disponibles Merv 11,13 y 14, opci\u00f3n de recubrimiento con antimicrobial Merv 11 y 14 .<\/p>\n<a href='https:\/\/gruposumyteck.com\/files\/AA_VariCel_AFP-1-158BB.pdf' class='small-button smallblack' target=\"_blank\">Ver Ficha T\u00e9cnica<\/a>\n<p>&nbsp;<\/p>\n","protected":false},"featured_media":7194,"template":"","meta":{"_et_pb_use_builder":"","_et_pb_old_content":"","_et_gb_content_width":""},"product_brand":[134],"product_cat":[121],"product_tag":[142,138,139,136,141,137,140,143,135,144],"class_list":{"0":"post-3851","1":"product","2":"type-product","3":"status-publish","4":"has-post-thumbnail","6":"product_brand-american-air-filter","7":"product_cat-filtros-de-aire","8":"product_tag-filtro-aaf-aire-acondicionado","9":"product_tag-filtro-aaf-alta-eficiencia","10":"product_tag-filtro-aaf-hospitalario","11":"product_tag-filtro-aaf-industrial","12":"product_tag-filtro-aaf-para-cabinas","13":"product_tag-filtro-aaf-para-hvac","14":"product_tag-filtro-aaf-para-ventilacion","15":"product_tag-filtro-aaf-particulado","16":"product_tag-filtro-de-aire-aaf","17":"product_tag-filtro-de-aire-marca-aaf","19":"first","20":"instock","21":"taxable","22":"shipping-taxable","23":"product-type-simple"},"yoast_head":"<!-- This site is optimized with the Yoast SEO plugin v27.3 - https:\/\/yoast.com\/product\/yoast-seo-wordpress\/ -->\n<title>Filtro Varicel I SH, DH Y HT AAF - Grupo Sumyteck SAS<\/title>\n<meta name=\"description\" content=\"Reducen los costos operativos Excelente desempe\u00f1o en condiciones de operaci\u00f3n dif\u00edciles Dise\u00f1ado para mejorar la calidad del aire interior\" \/>\n<meta name=\"robots\" content=\"index, follow, max-snippet:-1, max-image-preview:large, max-video-preview:-1\" \/>\n<link rel=\"canonical\" href=\"https:\/\/gruposumyteck.com\/?product=varicel-i-sh-dh-y-ht-american-air-filter\" \/>\n<meta property=\"og:locale\" content=\"es_ES\" \/>\n<meta property=\"og:type\" content=\"article\" \/>\n<meta property=\"og:title\" content=\"Filtro Varicel I SH, DH Y HT AAF - Grupo Sumyteck SAS\" \/>\n<meta property=\"og:description\" content=\"Reducen los costos operativos Excelente desempe\u00f1o en condiciones de operaci\u00f3n dif\u00edciles Dise\u00f1ado para mejorar la calidad del aire interior\" \/>\n<meta property=\"og:url\" content=\"https:\/\/gruposumyteck.com\/?product=varicel-i-sh-dh-y-ht-american-air-filter\" \/>\n<meta property=\"og:site_name\" content=\"Grupo Sumyteck SAS\" \/>\n<meta property=\"article:publisher\" content=\"https:\/\/es-la.facebook.com\/SumyteckSAS\/\" \/>\n<meta property=\"article:modified_time\" content=\"2025-04-28T02:55:11+00:00\" \/>\n<meta property=\"og:image\" content=\"https:\/\/gruposumyteck.com\/wp-content\/uploads\/2021\/04\/Tienda_filtro_varicel_I.jpg\" \/>\n\t<meta property=\"og:image:width\" content=\"300\" \/>\n\t<meta property=\"og:image:height\" content=\"350\" \/>\n\t<meta property=\"og:image:type\" content=\"image\/jpeg\" \/>\n<meta name=\"twitter:card\" content=\"summary_large_image\" \/>\n<meta name=\"twitter:site\" content=\"@Sumyteck\" \/>\n<meta name=\"twitter:label1\" content=\"Tiempo de lectura\" \/>\n\t<meta name=\"twitter:data1\" content=\"5 minutos\" \/>\n<script type=\"application\/ld+json\" class=\"yoast-schema-graph\">{\"@context\":\"https:\\\/\\\/schema.org\",\"@graph\":[{\"@type\":\"WebPage\",\"@id\":\"https:\\\/\\\/gruposumyteck.com\\\/?product=varicel-i-sh-dh-y-ht-american-air-filter\",\"url\":\"https:\\\/\\\/gruposumyteck.com\\\/?product=varicel-i-sh-dh-y-ht-american-air-filter\",\"name\":\"Filtro Varicel I SH, DH Y HT AAF - Grupo Sumyteck SAS\",\"isPartOf\":{\"@id\":\"https:\\\/\\\/gruposumyteck.com\\\/#website\"},\"primaryImageOfPage\":{\"@id\":\"https:\\\/\\\/gruposumyteck.com\\\/?product=varicel-i-sh-dh-y-ht-american-air-filter#primaryimage\"},\"image\":{\"@id\":\"https:\\\/\\\/gruposumyteck.com\\\/?product=varicel-i-sh-dh-y-ht-american-air-filter#primaryimage\"},\"thumbnailUrl\":\"https:\\\/\\\/gruposumyteck.com\\\/wp-content\\\/uploads\\\/2021\\\/04\\\/Tienda_filtro_varicel_I.jpg\",\"datePublished\":\"2021-04-12T18:04:55+00:00\",\"dateModified\":\"2025-04-28T02:55:11+00:00\",\"description\":\"Reducen los costos operativos Excelente desempe\u00f1o en condiciones de operaci\u00f3n dif\u00edciles Dise\u00f1ado para mejorar la calidad del aire interior\",\"breadcrumb\":{\"@id\":\"https:\\\/\\\/gruposumyteck.com\\\/?product=varicel-i-sh-dh-y-ht-american-air-filter#breadcrumb\"},\"inLanguage\":\"es\",\"potentialAction\":[{\"@type\":\"ReadAction\",\"target\":[\"https:\\\/\\\/gruposumyteck.com\\\/?product=varicel-i-sh-dh-y-ht-american-air-filter\"]}]},{\"@type\":\"ImageObject\",\"inLanguage\":\"es\",\"@id\":\"https:\\\/\\\/gruposumyteck.com\\\/?product=varicel-i-sh-dh-y-ht-american-air-filter#primaryimage\",\"url\":\"https:\\\/\\\/gruposumyteck.com\\\/wp-content\\\/uploads\\\/2021\\\/04\\\/Tienda_filtro_varicel_I.jpg\",\"contentUrl\":\"https:\\\/\\\/gruposumyteck.com\\\/wp-content\\\/uploads\\\/2021\\\/04\\\/Tienda_filtro_varicel_I.jpg\",\"width\":300,\"height\":350,\"caption\":\"Filtro Varicel I SH, DH Y HT AAF\"},{\"@type\":\"BreadcrumbList\",\"@id\":\"https:\\\/\\\/gruposumyteck.com\\\/?product=varicel-i-sh-dh-y-ht-american-air-filter#breadcrumb\",\"itemListElement\":[{\"@type\":\"ListItem\",\"position\":1,\"name\":\"Inicio\",\"item\":\"https:\\\/\\\/gruposumyteck.com\\\/\"},{\"@type\":\"ListItem\",\"position\":2,\"name\":\"Productos\",\"item\":\"https:\\\/\\\/gruposumyteck.com\\\/?post_type=product\"},{\"@type\":\"ListItem\",\"position\":3,\"name\":\"Filtro Varicel I SH, DH Y HT AAF\"}]},{\"@type\":\"WebSite\",\"@id\":\"https:\\\/\\\/gruposumyteck.com\\\/#website\",\"url\":\"https:\\\/\\\/gruposumyteck.com\\\/\",\"name\":\"Grupo Sumyteck SAS\",\"description\":\"La mejor selecci\u00f3n de productos para ventilaci\u00f3n: extractores de aire, ventiladores industriales, ductos, compuertas, rejillas, filtros y controladores\",\"publisher\":{\"@id\":\"https:\\\/\\\/gruposumyteck.com\\\/#organization\"},\"alternateName\":\"gruposumyteck.com\",\"potentialAction\":[{\"@type\":\"SearchAction\",\"target\":{\"@type\":\"EntryPoint\",\"urlTemplate\":\"https:\\\/\\\/gruposumyteck.com\\\/?s={search_term_string}\"},\"query-input\":{\"@type\":\"PropertyValueSpecification\",\"valueRequired\":true,\"valueName\":\"search_term_string\"}}],\"inLanguage\":\"es\"},{\"@type\":\"Organization\",\"@id\":\"https:\\\/\\\/gruposumyteck.com\\\/#organization\",\"name\":\"Grupo Sumyteck SAS\",\"alternateName\":\"gruposumyteck.com\",\"url\":\"https:\\\/\\\/gruposumyteck.com\\\/\",\"logo\":{\"@type\":\"ImageObject\",\"inLanguage\":\"es\",\"@id\":\"https:\\\/\\\/gruposumyteck.com\\\/#\\\/schema\\\/logo\\\/image\\\/\",\"url\":\"https:\\\/\\\/gruposumyteck.com\\\/wp-content\\\/uploads\\\/2024\\\/03\\\/Favicon.png\",\"contentUrl\":\"https:\\\/\\\/gruposumyteck.com\\\/wp-content\\\/uploads\\\/2024\\\/03\\\/Favicon.png\",\"width\":384,\"height\":384,\"caption\":\"Grupo Sumyteck SAS\"},\"image\":{\"@id\":\"https:\\\/\\\/gruposumyteck.com\\\/#\\\/schema\\\/logo\\\/image\\\/\"},\"sameAs\":[\"https:\\\/\\\/es-la.facebook.com\\\/SumyteckSAS\\\/\",\"https:\\\/\\\/x.com\\\/Sumyteck\",\"https:\\\/\\\/www.youtube.com\\\/channel\\\/UCoHQzJTzEsi317O4N3k9Zbw\",\"https:\\\/\\\/www.instagram.com\\\/gruposumyteck\\\/\"]}]}<\/script>\n<!-- \/ Yoast SEO plugin. -->","yoast_head_json":{"title":"Filtro Varicel I SH, DH Y HT AAF - Grupo Sumyteck SAS","description":"Reducen los costos operativos Excelente desempe\u00f1o en condiciones de operaci\u00f3n dif\u00edciles Dise\u00f1ado para mejorar la calidad del aire interior","robots":{"index":"index","follow":"follow","max-snippet":"max-snippet:-1","max-image-preview":"max-image-preview:large","max-video-preview":"max-video-preview:-1"},"canonical":"https:\/\/gruposumyteck.com\/?product=varicel-i-sh-dh-y-ht-american-air-filter","og_locale":"es_ES","og_type":"article","og_title":"Filtro Varicel I SH, DH Y HT AAF - Grupo Sumyteck SAS","og_description":"Reducen los costos operativos Excelente desempe\u00f1o en condiciones de operaci\u00f3n dif\u00edciles Dise\u00f1ado para mejorar la calidad del aire interior","og_url":"https:\/\/gruposumyteck.com\/?product=varicel-i-sh-dh-y-ht-american-air-filter","og_site_name":"Grupo Sumyteck SAS","article_publisher":"https:\/\/es-la.facebook.com\/SumyteckSAS\/","article_modified_time":"2025-04-28T02:55:11+00:00","og_image":[{"width":300,"height":350,"url":"https:\/\/gruposumyteck.com\/wp-content\/uploads\/2021\/04\/Tienda_filtro_varicel_I.jpg","type":"image\/jpeg"}],"twitter_card":"summary_large_image","twitter_site":"@Sumyteck","twitter_misc":{"Tiempo de lectura":"5 minutos"},"schema":{"@context":"https:\/\/schema.org","@graph":[{"@type":"WebPage","@id":"https:\/\/gruposumyteck.com\/?product=varicel-i-sh-dh-y-ht-american-air-filter","url":"https:\/\/gruposumyteck.com\/?product=varicel-i-sh-dh-y-ht-american-air-filter","name":"Filtro Varicel I SH, DH Y HT AAF - Grupo Sumyteck SAS","isPartOf":{"@id":"https:\/\/gruposumyteck.com\/#website"},"primaryImageOfPage":{"@id":"https:\/\/gruposumyteck.com\/?product=varicel-i-sh-dh-y-ht-american-air-filter#primaryimage"},"image":{"@id":"https:\/\/gruposumyteck.com\/?product=varicel-i-sh-dh-y-ht-american-air-filter#primaryimage"},"thumbnailUrl":"https:\/\/gruposumyteck.com\/wp-content\/uploads\/2021\/04\/Tienda_filtro_varicel_I.jpg","datePublished":"2021-04-12T18:04:55+00:00","dateModified":"2025-04-28T02:55:11+00:00","description":"Reducen los costos operativos Excelente desempe\u00f1o en condiciones de operaci\u00f3n dif\u00edciles Dise\u00f1ado para mejorar la calidad del aire interior","breadcrumb":{"@id":"https:\/\/gruposumyteck.com\/?product=varicel-i-sh-dh-y-ht-american-air-filter#breadcrumb"},"inLanguage":"es","potentialAction":[{"@type":"ReadAction","target":["https:\/\/gruposumyteck.com\/?product=varicel-i-sh-dh-y-ht-american-air-filter"]}]},{"@type":"ImageObject","inLanguage":"es","@id":"https:\/\/gruposumyteck.com\/?product=varicel-i-sh-dh-y-ht-american-air-filter#primaryimage","url":"https:\/\/gruposumyteck.com\/wp-content\/uploads\/2021\/04\/Tienda_filtro_varicel_I.jpg","contentUrl":"https:\/\/gruposumyteck.com\/wp-content\/uploads\/2021\/04\/Tienda_filtro_varicel_I.jpg","width":300,"height":350,"caption":"Filtro Varicel I SH, DH Y HT AAF"},{"@type":"BreadcrumbList","@id":"https:\/\/gruposumyteck.com\/?product=varicel-i-sh-dh-y-ht-american-air-filter#breadcrumb","itemListElement":[{"@type":"ListItem","position":1,"name":"Inicio","item":"https:\/\/gruposumyteck.com\/"},{"@type":"ListItem","position":2,"name":"Productos","item":"https:\/\/gruposumyteck.com\/?post_type=product"},{"@type":"ListItem","position":3,"name":"Filtro Varicel I SH, DH Y HT AAF"}]},{"@type":"WebSite","@id":"https:\/\/gruposumyteck.com\/#website","url":"https:\/\/gruposumyteck.com\/","name":"Grupo Sumyteck SAS","description":"La mejor selecci\u00f3n de productos para ventilaci\u00f3n: extractores de aire, ventiladores industriales, ductos, compuertas, rejillas, filtros y controladores","publisher":{"@id":"https:\/\/gruposumyteck.com\/#organization"},"alternateName":"gruposumyteck.com","potentialAction":[{"@type":"SearchAction","target":{"@type":"EntryPoint","urlTemplate":"https:\/\/gruposumyteck.com\/?s={search_term_string}"},"query-input":{"@type":"PropertyValueSpecification","valueRequired":true,"valueName":"search_term_string"}}],"inLanguage":"es"},{"@type":"Organization","@id":"https:\/\/gruposumyteck.com\/#organization","name":"Grupo Sumyteck SAS","alternateName":"gruposumyteck.com","url":"https:\/\/gruposumyteck.com\/","logo":{"@type":"ImageObject","inLanguage":"es","@id":"https:\/\/gruposumyteck.com\/#\/schema\/logo\/image\/","url":"https:\/\/gruposumyteck.com\/wp-content\/uploads\/2024\/03\/Favicon.png","contentUrl":"https:\/\/gruposumyteck.com\/wp-content\/uploads\/2024\/03\/Favicon.png","width":384,"height":384,"caption":"Grupo Sumyteck SAS"},"image":{"@id":"https:\/\/gruposumyteck.com\/#\/schema\/logo\/image\/"},"sameAs":["https:\/\/es-la.facebook.com\/SumyteckSAS\/","https:\/\/x.com\/Sumyteck","https:\/\/www.youtube.com\/channel\/UCoHQzJTzEsi317O4N3k9Zbw","https:\/\/www.instagram.com\/gruposumyteck\/"]}]}},"_links":{"self":[{"href":"https:\/\/gruposumyteck.com\/index.php?rest_route=\/wp\/v2\/product\/3851","targetHints":{"allow":["GET"]}}],"collection":[{"href":"https:\/\/gruposumyteck.com\/index.php?rest_route=\/wp\/v2\/product"}],"about":[{"href":"https:\/\/gruposumyteck.com\/index.php?rest_route=\/wp\/v2\/types\/product"}],"wp:featuredmedia":[{"embeddable":true,"href":"https:\/\/gruposumyteck.com\/index.php?rest_route=\/wp\/v2\/media\/7194"}],"wp:attachment":[{"href":"https:\/\/gruposumyteck.com\/index.php?rest_route=%2Fwp%2Fv2%2Fmedia&parent=3851"}],"wp:term":[{"taxonomy":"product_brand","embeddable":true,"href":"https:\/\/gruposumyteck.com\/index.php?rest_route=%2Fwp%2Fv2%2Fproduct_brand&post=3851"},{"taxonomy":"product_cat","embeddable":true,"href":"https:\/\/gruposumyteck.com\/index.php?rest_route=%2Fwp%2Fv2%2Fproduct_cat&post=3851"},{"taxonomy":"product_tag","embeddable":true,"href":"https:\/\/gruposumyteck.com\/index.php?rest_route=%2Fwp%2Fv2%2Fproduct_tag&post=3851"}],"curies":[{"name":"wp","href":"https:\/\/api.w.org\/{rel}","templated":true}]}}