{"id":4860,"date":"2024-03-29T10:19:59","date_gmt":"2024-03-29T15:19:59","guid":{"rendered":"https:\/\/gruposumyteck.com\/?page_id=4860"},"modified":"2025-04-19T18:12:58","modified_gmt":"2025-04-19T23:12:58","slug":"pintura-electrostatica","status":"publish","type":"page","link":"https:\/\/gruposumyteck.com\/?page_id=4860","title":{"rendered":"Pintura electrost\u00e1tica"},"content":{"rendered":"\n[et_pb_section fb_built=\u00bb1&#8243; custom_padding_last_edited=\u00bbon|desktop\u00bb _builder_version=\u00bb4.3.1&#8243; custom_margin=\u00bb-25px|0px|0px|0px|false|false\u00bb custom_margin_tablet=\u00bb-29px||||false|false\u00bb custom_margin_phone=\u00bb-29px||||false|false\u00bb custom_margin_last_edited=\u00bbon|phone\u00bb custom_padding=\u00bb0px||0px||false|false\u00bb custom_padding_tablet=\u00bb||10px||false|false\u00bb custom_padding_phone=\u00bb0px||||false|false\u00bb top_divider_height=\u00bb0px\u00bb][et_pb_row use_custom_gutter=\u00bbon\u00bb _builder_version=\u00bb4.3.1&#8243; width=\u00bb100%\u00bb hover_enabled=\u00bb0&#8243; disabled_on=\u00bbon|off|off\u00bb][et_pb_column type=\u00bb4_4&#8243; _builder_version=\u00bb4.3.1&#8243;][et_pb_nextend_smart_slider_3 slider=\u00bb21&#8243; _builder_version=\u00bb4.3.1&#8243;][\/et_pb_nextend_smart_slider_3][\/et_pb_column][\/et_pb_row][et_pb_row use_custom_gutter=\u00bbon\u00bb _builder_version=\u00bb4.3.1&#8243; width=\u00bb100%\u00bb hover_enabled=\u00bb0&#8243; disabled_on=\u00bboff|on|on\u00bb][et_pb_column type=\u00bb4_4&#8243; _builder_version=\u00bb4.3.1&#8243;][et_pb_nextend_smart_slider_3 slider=\u00bb26&#8243; _builder_version=\u00bb4.3.1&#8243; hover_enabled=\u00bb0&#8243;][\/et_pb_nextend_smart_slider_3][\/et_pb_column][\/et_pb_row][et_pb_row use_custom_gutter=\u00bbon\u00bb _builder_version=\u00bb4.3.1&#8243; width=\u00bb95%\u00bb max_width=\u00bb1920px\u00bb custom_padding=\u00bb||1px|||\u00bb][et_pb_column type=\u00bb4_4&#8243; _builder_version=\u00bb4.3.1&#8243;][et_pb_text _builder_version=\u00bb4.3.1&#8243;]<h1 style=\"text-align: center;\"><strong><span style=\"color: #993300;\">Servicio de pintura electrost\u00e1tica en Bogot\u00e1<\/span><\/strong><\/h1>[\/et_pb_text][\/et_pb_column][\/et_pb_row][et_pb_row column_structure=\u00bb1_3,2_3&#8243; use_custom_gutter=\u00bbon\u00bb _builder_version=\u00bb4.3.1&#8243; width=\u00bb95%\u00bb max_width=\u00bb1920px\u00bb custom_padding=\u00bb11px|||||\u00bb][et_pb_column type=\u00bb1_3&#8243; _builder_version=\u00bb4.3.1&#8243;][et_pb_nextend_smart_slider_3 slider=\u00bb20&#8243; _builder_version=\u00bb4.3.1&#8243;][\/et_pb_nextend_smart_slider_3][\/et_pb_column][et_pb_column type=\u00bb2_3&#8243; _builder_version=\u00bb4.3.1&#8243;][et_pb_cta title=\u00bbAplicaci\u00f3n de Pintura en Polvo para el recubrimiento de piezas.\u00bb url_new_window=\u00bbon\u00bb button_text=\u00bb\u00a1Solicite su cotizaci\u00f3n!\u00bb _builder_version=\u00bb4.3.1&#8243; header_level=\u00bbh1&#8243; header_font=\u00bbBitter|700|||||||\u00bb header_font_size=\u00bb32px\u00bb header_line_height=\u00bb1.2em\u00bb body_font_size=\u00bb16px\u00bb body_line_height=\u00bb1.6em\u00bb use_background_color=\u00bboff\u00bb custom_button=\u00bbon\u00bb button_text_size=\u00bb18px\u00bb button_text_color=\u00bb#ffffff\u00bb button_bg_color=\u00bb#F49902&#8243; button_border_width=\u00bb0px\u00bb button_border_radius=\u00bb5px\u00bb button_font=\u00bb|600|||||||\u00bb button_icon=\u00bb%%24%%\u00bb button_alignment=\u00bbcenter\u00bb background_layout=\u00bblight\u00bb custom_margin=\u00bb0px||-2px||false|false\u00bb button_text_shadow_style=\u00bbpreset1&#8243; button_text_shadow_horizontal_length=\u00bb0.1em\u00bb box_shadow_style_button=\u00bbpreset2&#8243;]<p style=\"text-align: justify;\">Somos lideres en aplicaci\u00f3n de <span style=\"color: #993300;\"><strong>Pintura electrost\u00e1tica en polvo en la ciudad de Bogot\u00e1<\/strong><\/span> contamos con los equipos adecuados y el personal capacitado para ofrecer excelentes tiempos de entrega y un producto terminado de alta calidad, contamos con el servicio de recogida de material y entrega a domicilio como valor agregado a nuestros\u00a0clientes\u00a0frecuentes.<\/p>\n<p style=\"text-align: justify;\">Permitanos ser de ahora en adelante su aliado estrategico para aplicaci\u00f3n de pintura en polvo de sus muebles met\u00e1licos o proyectos especiales.<\/p>[\/et_pb_cta][et_pb_text _builder_version=\u00bb4.3.1&#8243; text_font_size=\u00bb16px\u00bb]<p style=\"text-align: justify;\">Ofrecemos\u00a0 el servicio de\u00a0pintura electrost\u00e1tica\u00a0en polvo en la ciudad de Bogot\u00e1 D.C, en la localidad de ricaurte, brindamos un servicio de excelente calidad y con tiempos de entrega adecuados, gracias a que nuestra planta de producci\u00f3n cuenta con los equipos especializados para este servicio. Perm\u00edtanos ser de ahora en adelante su proveedor de confianza.<\/p>[\/et_pb_text][et_pb_text _builder_version=\u00bb4.3.1&#8243; text_font_size=\u00bb16px\u00bb]<p>Contamos con un horno de curado de 6,5 metros de largo x 2 metros de ancho x 2.5 metros de alto, el cual nos permite realizar pintura electrost\u00e1tica de perfiler\u00eda,\u00a0estructura met\u00e1lica, muebles, autopartes y cualquier tipo de <a href=\"https:\/\/gruposumyteck.com\/carpinteria-metalica\/\">pieza met\u00e1lico<\/a> o aluminio.<\/p>[\/et_pb_text][\/et_pb_column][\/et_pb_row][et_pb_row column_structure=\u00bb3_5,2_5&#8243; use_custom_gutter=\u00bbon\u00bb _builder_version=\u00bb4.3.1&#8243; width=\u00bb95%\u00bb max_width=\u00bb1920px\u00bb][et_pb_column type=\u00bb3_5&#8243; _builder_version=\u00bb4.3.1&#8243;][et_pb_text _builder_version=\u00bb4.3.1&#8243; text_font_size=\u00bb16px\u00bb]<h3><span style=\"color: #993300;\"><strong>Caracter\u00edsticas de la Pintura Electr\u00f3statica<\/strong><\/span><\/h3>\n<ul>\n<li>El pintado redondea los bordes y las aristas de los materiales a pintar.<\/li>\n<li>Recubre todo tipo de superficies met\u00e1licas, lisas o acanaladas.<\/li>\n<li>Penetra a\u00fan en zonas dif\u00edciles.<\/li>\n<li>El valor del metro cuadrado pintado es much\u00edsimo menor que otro proceso de pintura alternativo.<\/li>\n<li>El espesor del pintado es completamente homog\u00e9neo, siendo un recubrimiento parejo.<\/li>\n<li>No requiere de aplicaci\u00f3n de pinturas anticorrosivas previo proceso de pintura electrost\u00e1tica.<\/li>\n<li>Las estructuras pintadas no se saltan a menos que se infrinjan en ellas cortes o rallados con utensilios met\u00e1licos.<\/li>\n<\/ul>[\/et_pb_text][\/et_pb_column][et_pb_column type=\u00bb2_5&#8243; _builder_version=\u00bb4.3.1&#8243;][et_pb_image src=\u00bbhttps:\/\/gruposumyteck.com\/wp-content\/uploads\/2024\/05\/pintura_electrostatica_3.jpg\u00bb align=\u00bbcenter\u00bb _builder_version=\u00bb4.3.1&#8243;][\/et_pb_image][\/et_pb_column][\/et_pb_row][et_pb_row use_custom_gutter=\u00bbon\u00bb _builder_version=\u00bb4.3.1&#8243; width=\u00bb95%\u00bb max_width=\u00bb1920px\u00bb custom_padding=\u00bb11px|||||\u00bb][et_pb_column type=\u00bb4_4&#8243; _builder_version=\u00bb4.3.1&#8243;][et_pb_text _builder_version=\u00bb4.3.1&#8243; text_font_size=\u00bb16px\u00bb]<h3><span style=\"color: #993300;\"><strong>Propiedades T\u00e9cnicas Pintura Electrost\u00e1tica<\/strong><\/span><\/h3>\n<ul>\n<li>Variedad de colores <a href=\"https:\/\/es.wikipedia.org\/wiki\/RAL\" target=\"_blank\" rel=\"noopener noreferrer\">c\u00f3digo RAL<\/a>, texturas y acabados.<\/li>\n<li>Excelente acabado y terminaci\u00f3n.<\/li>\n<li>Gran resistencia a cambios ambientales.<\/li>\n<li>Gran resistencia a temperaturas y rayos UV.<\/li>\n<li>Larga durabilidad y capacidad de retenci\u00f3n del color y brillo (sobre 10 a\u00f1os al exterior).<\/li>\n<li>Alta resistencia a agentes corrosivos.<\/li>\n<li>Excelente adherencia.<\/li>\n<li>No requiere de solventes.<\/li>\n<li>No contiene contaminantes y no contamina el medio ambiente, tanto en el proceso de pintura como de secado al horno.<br \/> Servicios de pintura electrost\u00e1tica en Bogot\u00e1.<\/li>\n<\/ul>[\/et_pb_text][\/et_pb_column][\/et_pb_row][\/et_pb_section][et_pb_section fb_built=\u00bb1&#8243; _builder_version=\u00bb4.3.1&#8243; custom_padding=\u00bb0px||1px|||\u00bb][et_pb_row _builder_version=\u00bb4.3.1&#8243; width=\u00bb100%\u00bb max_width=\u00bb1100px\u00bb module_alignment=\u00bbcenter\u00bb custom_margin=\u00bb|68px||68px|false|false\u00bb custom_padding=\u00bb0px|||||\u00bb][et_pb_column type=\u00bb4_4&#8243; _builder_version=\u00bb4.3.1&#8243;][et_pb_cta button_url=\u00bbhttps:\/\/wa.link\/qv6dwt\u00bb url_new_window=\u00bbon\u00bb button_text=\u00bb\u00a1Solicite su Cotizaci\u00f3n!\u00bb _builder_version=\u00bb4.3.1&#8243; header_level=\u00bbh1&#8243; header_font=\u00bbBitter|700|||||||\u00bb header_font_size=\u00bb32px\u00bb header_line_height=\u00bb1.2em\u00bb body_font_size=\u00bb16px\u00bb body_line_height=\u00bb1.6em\u00bb use_background_color=\u00bboff\u00bb custom_button=\u00bbon\u00bb button_text_size=\u00bb18px\u00bb button_text_color=\u00bb#ffffff\u00bb button_bg_color=\u00bb#F49902&#8243; button_border_width=\u00bb0px\u00bb button_border_radius=\u00bb5px\u00bb button_font=\u00bb|600|||||||\u00bb button_icon=\u00bb%%24%%\u00bb button_alignment=\u00bbcenter\u00bb background_layout=\u00bblight\u00bb custom_margin=\u00bb0px||||false|false\u00bb animation_style=\u00bbzoom\u00bb button_text_shadow_style=\u00bbpreset1&#8243; button_text_shadow_horizontal_length=\u00bb0.1em\u00bb box_shadow_style_button=\u00bbpreset2&#8243;][\/et_pb_cta][\/et_pb_column][\/et_pb_row][\/et_pb_section]\n","protected":false},"excerpt":{"rendered":"<p>Servicio de pintura electrost\u00e1tica en Bogot\u00e1Somos lideres en aplicaci\u00f3n de Pintura electrost\u00e1tica en polvo en la ciudad de Bogot\u00e1 contamos con los equipos adecuados y el personal capacitado para ofrecer excelentes tiempos de entrega y un producto terminado de alta calidad, contamos con el servicio de recogida de material y entrega a domicilio como valor [&hellip;]<\/p>\n","protected":false},"author":1,"featured_media":4746,"parent":0,"menu_order":0,"comment_status":"closed","ping_status":"closed","template":"","meta":{"_et_pb_use_builder":"on","_et_pb_old_content":"","_et_gb_content_width":"","footnotes":""},"class_list":["post-4860","page","type-page","status-publish","has-post-thumbnail","hentry"],"yoast_head":"<!-- This site is optimized with the Yoast SEO plugin v27.4 - https:\/\/yoast.com\/product\/yoast-seo-wordpress\/ -->\n<title>\u2705Servicio de Pintura Electrost\u00e1tica Bogot\u00e1 \u2714<\/title>\n<meta name=\"description\" content=\"Ofrecemos el Servicio de Pintura electrost\u00e1tica en Bogot\u00e1, precios bajos y el personal calificado, excelentes tiempos de entrega.\" \/>\n<meta name=\"robots\" content=\"index, follow, max-snippet:-1, max-image-preview:large, max-video-preview:-1\" \/>\n<link rel=\"canonical\" href=\"https:\/\/gruposumyteck.com\/?page_id=4860\" \/>\n<meta property=\"og:locale\" content=\"es_ES\" \/>\n<meta property=\"og:type\" content=\"article\" \/>\n<meta property=\"og:title\" content=\"\u2705Servicio de Pintura Electrost\u00e1tica Bogot\u00e1 \u2714\" \/>\n<meta property=\"og:description\" content=\"Ofrecemos el Servicio de Pintura electrost\u00e1tica en Bogot\u00e1, precios bajos y el personal calificado, excelentes tiempos de entrega.\" \/>\n<meta property=\"og:url\" content=\"https:\/\/gruposumyteck.com\/?page_id=4860\" \/>\n<meta property=\"og:site_name\" content=\"Grupo Sumyteck SAS\" \/>\n<meta property=\"article:publisher\" content=\"https:\/\/es-la.facebook.com\/SumyteckSAS\/\" \/>\n<meta property=\"article:modified_time\" content=\"2025-04-19T23:12:58+00:00\" \/>\n<meta property=\"og:image\" content=\"https:\/\/gruposumyteck.com\/wp-content\/uploads\/2024\/03\/portafolio_soluciones_9.jpg\" \/>\n\t<meta property=\"og:image:width\" content=\"480\" \/>\n\t<meta property=\"og:image:height\" content=\"240\" \/>\n\t<meta property=\"og:image:type\" content=\"image\/jpeg\" \/>\n<meta name=\"twitter:card\" content=\"summary_large_image\" \/>\n<meta name=\"twitter:site\" content=\"@Sumyteck\" \/>\n<meta name=\"twitter:label1\" content=\"Tiempo de lectura\" \/>\n\t<meta name=\"twitter:data1\" content=\"3 minutos\" \/>\n<script type=\"application\/ld+json\" class=\"yoast-schema-graph\">{\"@context\":\"https:\\\/\\\/schema.org\",\"@graph\":[{\"@type\":\"WebPage\",\"@id\":\"https:\\\/\\\/gruposumyteck.com\\\/?page_id=4860\",\"url\":\"https:\\\/\\\/gruposumyteck.com\\\/?page_id=4860\",\"name\":\"\u2705Servicio de Pintura Electrost\u00e1tica Bogot\u00e1 \u2714\",\"isPartOf\":{\"@id\":\"https:\\\/\\\/gruposumyteck.com\\\/#website\"},\"primaryImageOfPage\":{\"@id\":\"https:\\\/\\\/gruposumyteck.com\\\/?page_id=4860#primaryimage\"},\"image\":{\"@id\":\"https:\\\/\\\/gruposumyteck.com\\\/?page_id=4860#primaryimage\"},\"thumbnailUrl\":\"https:\\\/\\\/gruposumyteck.com\\\/wp-content\\\/uploads\\\/2024\\\/03\\\/portafolio_soluciones_9.jpg\",\"datePublished\":\"2024-03-29T15:19:59+00:00\",\"dateModified\":\"2025-04-19T23:12:58+00:00\",\"description\":\"Ofrecemos el Servicio de Pintura electrost\u00e1tica en Bogot\u00e1, precios bajos y el personal calificado, excelentes tiempos de entrega.\",\"breadcrumb\":{\"@id\":\"https:\\\/\\\/gruposumyteck.com\\\/?page_id=4860#breadcrumb\"},\"inLanguage\":\"es\",\"potentialAction\":[{\"@type\":\"ReadAction\",\"target\":[\"https:\\\/\\\/gruposumyteck.com\\\/?page_id=4860\"]}]},{\"@type\":\"ImageObject\",\"inLanguage\":\"es\",\"@id\":\"https:\\\/\\\/gruposumyteck.com\\\/?page_id=4860#primaryimage\",\"url\":\"https:\\\/\\\/gruposumyteck.com\\\/wp-content\\\/uploads\\\/2024\\\/03\\\/portafolio_soluciones_9.jpg\",\"contentUrl\":\"https:\\\/\\\/gruposumyteck.com\\\/wp-content\\\/uploads\\\/2024\\\/03\\\/portafolio_soluciones_9.jpg\",\"width\":480,\"height\":240,\"caption\":\"Portafolio Soluciones - Pintura Electrost\u00e1tica\"},{\"@type\":\"BreadcrumbList\",\"@id\":\"https:\\\/\\\/gruposumyteck.com\\\/?page_id=4860#breadcrumb\",\"itemListElement\":[{\"@type\":\"ListItem\",\"position\":1,\"name\":\"Inicio\",\"item\":\"https:\\\/\\\/gruposumyteck.com\\\/\"},{\"@type\":\"ListItem\",\"position\":2,\"name\":\"Pintura electrost\u00e1tica\"}]},{\"@type\":\"WebSite\",\"@id\":\"https:\\\/\\\/gruposumyteck.com\\\/#website\",\"url\":\"https:\\\/\\\/gruposumyteck.com\\\/\",\"name\":\"Grupo Sumyteck SAS\",\"description\":\"La mejor selecci\u00f3n de productos para ventilaci\u00f3n: extractores de aire, ventiladores industriales, ductos, compuertas, rejillas, filtros y controladores\",\"publisher\":{\"@id\":\"https:\\\/\\\/gruposumyteck.com\\\/#organization\"},\"alternateName\":\"gruposumyteck.com\",\"potentialAction\":[{\"@type\":\"SearchAction\",\"target\":{\"@type\":\"EntryPoint\",\"urlTemplate\":\"https:\\\/\\\/gruposumyteck.com\\\/?s={search_term_string}\"},\"query-input\":{\"@type\":\"PropertyValueSpecification\",\"valueRequired\":true,\"valueName\":\"search_term_string\"}}],\"inLanguage\":\"es\"},{\"@type\":\"Organization\",\"@id\":\"https:\\\/\\\/gruposumyteck.com\\\/#organization\",\"name\":\"Grupo Sumyteck SAS\",\"alternateName\":\"gruposumyteck.com\",\"url\":\"https:\\\/\\\/gruposumyteck.com\\\/\",\"logo\":{\"@type\":\"ImageObject\",\"inLanguage\":\"es\",\"@id\":\"https:\\\/\\\/gruposumyteck.com\\\/#\\\/schema\\\/logo\\\/image\\\/\",\"url\":\"https:\\\/\\\/gruposumyteck.com\\\/wp-content\\\/uploads\\\/2024\\\/03\\\/Favicon.png\",\"contentUrl\":\"https:\\\/\\\/gruposumyteck.com\\\/wp-content\\\/uploads\\\/2024\\\/03\\\/Favicon.png\",\"width\":384,\"height\":384,\"caption\":\"Grupo Sumyteck SAS\"},\"image\":{\"@id\":\"https:\\\/\\\/gruposumyteck.com\\\/#\\\/schema\\\/logo\\\/image\\\/\"},\"sameAs\":[\"https:\\\/\\\/es-la.facebook.com\\\/SumyteckSAS\\\/\",\"https:\\\/\\\/x.com\\\/Sumyteck\",\"https:\\\/\\\/www.youtube.com\\\/channel\\\/UCoHQzJTzEsi317O4N3k9Zbw\",\"https:\\\/\\\/www.instagram.com\\\/gruposumyteck\\\/\"]}]}<\/script>\n<!-- \/ Yoast SEO plugin. -->","yoast_head_json":{"title":"\u2705Servicio de Pintura Electrost\u00e1tica Bogot\u00e1 \u2714","description":"Ofrecemos el Servicio de Pintura electrost\u00e1tica en Bogot\u00e1, precios bajos y el personal calificado, excelentes tiempos de entrega.","robots":{"index":"index","follow":"follow","max-snippet":"max-snippet:-1","max-image-preview":"max-image-preview:large","max-video-preview":"max-video-preview:-1"},"canonical":"https:\/\/gruposumyteck.com\/?page_id=4860","og_locale":"es_ES","og_type":"article","og_title":"\u2705Servicio de Pintura Electrost\u00e1tica Bogot\u00e1 \u2714","og_description":"Ofrecemos el Servicio de Pintura electrost\u00e1tica en Bogot\u00e1, precios bajos y el personal calificado, excelentes tiempos de entrega.","og_url":"https:\/\/gruposumyteck.com\/?page_id=4860","og_site_name":"Grupo Sumyteck SAS","article_publisher":"https:\/\/es-la.facebook.com\/SumyteckSAS\/","article_modified_time":"2025-04-19T23:12:58+00:00","og_image":[{"width":480,"height":240,"url":"https:\/\/gruposumyteck.com\/wp-content\/uploads\/2024\/03\/portafolio_soluciones_9.jpg","type":"image\/jpeg"}],"twitter_card":"summary_large_image","twitter_site":"@Sumyteck","twitter_misc":{"Tiempo de lectura":"3 minutos"},"schema":{"@context":"https:\/\/schema.org","@graph":[{"@type":"WebPage","@id":"https:\/\/gruposumyteck.com\/?page_id=4860","url":"https:\/\/gruposumyteck.com\/?page_id=4860","name":"\u2705Servicio de Pintura Electrost\u00e1tica Bogot\u00e1 \u2714","isPartOf":{"@id":"https:\/\/gruposumyteck.com\/#website"},"primaryImageOfPage":{"@id":"https:\/\/gruposumyteck.com\/?page_id=4860#primaryimage"},"image":{"@id":"https:\/\/gruposumyteck.com\/?page_id=4860#primaryimage"},"thumbnailUrl":"https:\/\/gruposumyteck.com\/wp-content\/uploads\/2024\/03\/portafolio_soluciones_9.jpg","datePublished":"2024-03-29T15:19:59+00:00","dateModified":"2025-04-19T23:12:58+00:00","description":"Ofrecemos el Servicio de Pintura electrost\u00e1tica en Bogot\u00e1, precios bajos y el personal calificado, excelentes tiempos de entrega.","breadcrumb":{"@id":"https:\/\/gruposumyteck.com\/?page_id=4860#breadcrumb"},"inLanguage":"es","potentialAction":[{"@type":"ReadAction","target":["https:\/\/gruposumyteck.com\/?page_id=4860"]}]},{"@type":"ImageObject","inLanguage":"es","@id":"https:\/\/gruposumyteck.com\/?page_id=4860#primaryimage","url":"https:\/\/gruposumyteck.com\/wp-content\/uploads\/2024\/03\/portafolio_soluciones_9.jpg","contentUrl":"https:\/\/gruposumyteck.com\/wp-content\/uploads\/2024\/03\/portafolio_soluciones_9.jpg","width":480,"height":240,"caption":"Portafolio Soluciones - Pintura Electrost\u00e1tica"},{"@type":"BreadcrumbList","@id":"https:\/\/gruposumyteck.com\/?page_id=4860#breadcrumb","itemListElement":[{"@type":"ListItem","position":1,"name":"Inicio","item":"https:\/\/gruposumyteck.com\/"},{"@type":"ListItem","position":2,"name":"Pintura electrost\u00e1tica"}]},{"@type":"WebSite","@id":"https:\/\/gruposumyteck.com\/#website","url":"https:\/\/gruposumyteck.com\/","name":"Grupo Sumyteck SAS","description":"La mejor selecci\u00f3n de productos para ventilaci\u00f3n: extractores de aire, ventiladores industriales, ductos, compuertas, rejillas, filtros y controladores","publisher":{"@id":"https:\/\/gruposumyteck.com\/#organization"},"alternateName":"gruposumyteck.com","potentialAction":[{"@type":"SearchAction","target":{"@type":"EntryPoint","urlTemplate":"https:\/\/gruposumyteck.com\/?s={search_term_string}"},"query-input":{"@type":"PropertyValueSpecification","valueRequired":true,"valueName":"search_term_string"}}],"inLanguage":"es"},{"@type":"Organization","@id":"https:\/\/gruposumyteck.com\/#organization","name":"Grupo Sumyteck SAS","alternateName":"gruposumyteck.com","url":"https:\/\/gruposumyteck.com\/","logo":{"@type":"ImageObject","inLanguage":"es","@id":"https:\/\/gruposumyteck.com\/#\/schema\/logo\/image\/","url":"https:\/\/gruposumyteck.com\/wp-content\/uploads\/2024\/03\/Favicon.png","contentUrl":"https:\/\/gruposumyteck.com\/wp-content\/uploads\/2024\/03\/Favicon.png","width":384,"height":384,"caption":"Grupo Sumyteck SAS"},"image":{"@id":"https:\/\/gruposumyteck.com\/#\/schema\/logo\/image\/"},"sameAs":["https:\/\/es-la.facebook.com\/SumyteckSAS\/","https:\/\/x.com\/Sumyteck","https:\/\/www.youtube.com\/channel\/UCoHQzJTzEsi317O4N3k9Zbw","https:\/\/www.instagram.com\/gruposumyteck\/"]}]}},"_links":{"self":[{"href":"https:\/\/gruposumyteck.com\/index.php?rest_route=\/wp\/v2\/pages\/4860","targetHints":{"allow":["GET"]}}],"collection":[{"href":"https:\/\/gruposumyteck.com\/index.php?rest_route=\/wp\/v2\/pages"}],"about":[{"href":"https:\/\/gruposumyteck.com\/index.php?rest_route=\/wp\/v2\/types\/page"}],"author":[{"embeddable":true,"href":"https:\/\/gruposumyteck.com\/index.php?rest_route=\/wp\/v2\/users\/1"}],"replies":[{"embeddable":true,"href":"https:\/\/gruposumyteck.com\/index.php?rest_route=%2Fwp%2Fv2%2Fcomments&post=4860"}],"version-history":[{"count":2,"href":"https:\/\/gruposumyteck.com\/index.php?rest_route=\/wp\/v2\/pages\/4860\/revisions"}],"predecessor-version":[{"id":6900,"href":"https:\/\/gruposumyteck.com\/index.php?rest_route=\/wp\/v2\/pages\/4860\/revisions\/6900"}],"wp:featuredmedia":[{"embeddable":true,"href":"https:\/\/gruposumyteck.com\/index.php?rest_route=\/wp\/v2\/media\/4746"}],"wp:attachment":[{"href":"https:\/\/gruposumyteck.com\/index.php?rest_route=%2Fwp%2Fv2%2Fmedia&parent=4860"}],"curies":[{"name":"wp","href":"https:\/\/api.w.org\/{rel}","templated":true}]}}