{"id":4856,"date":"2024-03-29T10:18:58","date_gmt":"2024-03-29T15:18:58","guid":{"rendered":"https:\/\/gruposumyteck.com\/?page_id=4856"},"modified":"2025-04-19T11:37:17","modified_gmt":"2025-04-19T16:37:17","slug":"aire-acondicionado-industrial-comercial-colombia","status":"publish","type":"page","link":"https:\/\/gruposumyteck.com\/?page_id=4856","title":{"rendered":"Aire Acondicionado"},"content":{"rendered":"\n[et_pb_section fb_built=\u00bb1&#8243; custom_padding_last_edited=\u00bbon|desktop\u00bb _builder_version=\u00bb4.3.1&#8243; custom_margin=\u00bb-25px|0px|0px|0px|false|false\u00bb custom_margin_tablet=\u00bb-29px||||false|false\u00bb custom_margin_phone=\u00bb-29px||||false|false\u00bb custom_margin_last_edited=\u00bbon|phone\u00bb custom_padding=\u00bb0px||0px||false|false\u00bb custom_padding_tablet=\u00bb||10px||false|false\u00bb custom_padding_phone=\u00bb0px||||false|false\u00bb top_divider_height=\u00bb0px\u00bb][et_pb_row use_custom_gutter=\u00bbon\u00bb _builder_version=\u00bb4.3.1&#8243; width=\u00bb100%\u00bb width_tablet=\u00bb\u00bb width_phone=\u00bb\u00bb width_last_edited=\u00bbon|phone\u00bb max_width=\u00bb1920px\u00bb hover_enabled=\u00bb0&#8243; disabled_on=\u00bbon|off|off\u00bb][et_pb_column type=\u00bb4_4&#8243; _builder_version=\u00bb4.3.1&#8243;][et_pb_nextend_smart_slider_3 slider=\u00bb18&#8243; _builder_version=\u00bb4.3.1&#8243;][\/et_pb_nextend_smart_slider_3][\/et_pb_column][\/et_pb_row][et_pb_row use_custom_gutter=\u00bbon\u00bb _builder_version=\u00bb4.3.1&#8243; width=\u00bb100%\u00bb width_tablet=\u00bb\u00bb width_phone=\u00bb\u00bb width_last_edited=\u00bbon|phone\u00bb max_width=\u00bb1920px\u00bb hover_enabled=\u00bb0&#8243; disabled_on=\u00bboff|on|on\u00bb][et_pb_column type=\u00bb4_4&#8243; _builder_version=\u00bb4.3.1&#8243;][et_pb_nextend_smart_slider_3 slider=\u00bb26&#8243; _builder_version=\u00bb4.3.1&#8243; hover_enabled=\u00bb0&#8243;][\/et_pb_nextend_smart_slider_3][\/et_pb_column][\/et_pb_row][et_pb_row use_custom_gutter=\u00bbon\u00bb _builder_version=\u00bb4.3.1&#8243; width=\u00bb95%\u00bb max_width=\u00bb1920px\u00bb custom_padding=\u00bb||12px|||\u00bb][et_pb_column type=\u00bb4_4&#8243; _builder_version=\u00bb4.3.1&#8243;][et_pb_text _builder_version=\u00bb4.3.1&#8243; custom_margin=\u00bb||0px|||\u00bb]<h1 style=\"text-align: center;\"><span style=\"color: #993300;\"><strong>Montaje y mantenimiento de equipos de Aire Acondicionado<\/strong><\/span><\/h1>[\/et_pb_text][et_pb_text _builder_version=\u00bb4.3.1&#8243; text_text_color=\u00bb#000000&#8243; text_font_size=\u00bb16px\u00bb]<h2 style=\"text-align: justify;\"><strong><span>SERVICIO PROFESIONAL ( Aire acondicionado).<\/span><\/strong><\/h2>\n<p style=\"text-align: justify;\">Ejecutamos proyectos de Aire Acondicionado desde el dise\u00f1o del mismo hasta el montaje, c\u00e1lculo de cargas, vol\u00famenes de aire, renovaciones hora, para todo sistema de suministro y <a href=\"https:\/\/gruposumyteck.com\/extraccion-eolica-eolivent\/\">extracci\u00f3n<\/a> de aire con o sin filtraci\u00f3n y pre filtraci\u00f3n. Garantizando que luego de instalados los sistemas de <a href=\"https:\/\/gruposumyteck.com\/ventilacion-forzada\/\">ventilaci\u00f3n<\/a> mejoraran las condiciones de confort e higiene de las a\u00e9reas ventiladas.<\/p>\n<p>Ofrecemos a nivel Nacional el servicio de instalaci\u00f3n y mantenimiento de equipos con personal certificado.<\/p>\n<p style=\"text-align: justify;\">Ofrecemos el montaje y mantenimiento\u00a0de todo tipo de sistemas de aire acondicionado (mini split, piso techo, cassette, split, ventana, central, paquete, precisi\u00f3n y port\u00e1tiles) en Bogot\u00e1 y en toda Colombia. Servicio profesional a costos competitivos.<\/p>[\/et_pb_text][\/et_pb_column][\/et_pb_row][et_pb_row column_structure=\u00bb1_2,1_2&#8243; use_custom_gutter=\u00bbon\u00bb _builder_version=\u00bb4.3.1&#8243; width=\u00bb95%\u00bb max_width=\u00bb1920px\u00bb custom_padding=\u00bb||0px|||\u00bb][et_pb_column type=\u00bb1_2&#8243; _builder_version=\u00bb4.3.1&#8243;][et_pb_image src=\u00bbhttps:\/\/gruposumyteck.com\/wp-content\/uploads\/2024\/05\/portafolio_soluciones_7.jpg\u00bb align=\u00bbcenter\u00bb force_fullwidth=\u00bbon\u00bb _builder_version=\u00bb4.3.1&#8243;][\/et_pb_image][\/et_pb_column][et_pb_column type=\u00bb1_2&#8243; _builder_version=\u00bb4.3.1&#8243;][et_pb_cta url_new_window=\u00bbon\u00bb _builder_version=\u00bb4.3.1&#8243; header_level=\u00bbh1&#8243; header_font=\u00bbBitter|700|||||||\u00bb header_font_size=\u00bb26px\u00bb header_line_height=\u00bb1.2em\u00bb body_font_size=\u00bb16px\u00bb body_line_height=\u00bb1.6em\u00bb use_background_color=\u00bboff\u00bb button_icon=\u00bb%%24%%\u00bb button_alignment=\u00bbcenter\u00bb background_layout=\u00bblight\u00bb custom_margin=\u00bb0px||8px||false|false\u00bb]<h1 style=\"text-align: center;\"><strong><span style=\"color: #993300;\">Nuestro Servicio<\/span><\/strong><\/h1>[\/et_pb_cta][et_pb_cta url_new_window=\u00bbon\u00bb _builder_version=\u00bb4.3.1&#8243; header_level=\u00bbh1&#8243; header_font=\u00bbBitter|700|||||||\u00bb header_font_size=\u00bb26px\u00bb header_line_height=\u00bb1.2em\u00bb body_font_size=\u00bb16px\u00bb body_line_height=\u00bb1.6em\u00bb use_background_color=\u00bboff\u00bb button_icon=\u00bb%%24%%\u00bb button_alignment=\u00bbcenter\u00bb background_layout=\u00bblight\u00bb custom_margin=\u00bb0px||||false|false\u00bb]<p style=\"text-align: justify;\">Nuestro objetivo principal es dar una soluci\u00f3n adecuada a las necesidades de\u00a0aire acondicionado\u00a0y\u00a0<a href=\"https:\/\/es.wikipedia.org\/wiki\/Ventilaci%C3%B3n_(arquitectura)\" target=\"_blank\" rel=\"noopener noreferrer\">ventilaci\u00f3n Industrial\u00a0<\/a>de cada empresa logrando ambientes de confort y asegurando par\u00e1metros como temperatura y humedad relativa en el desarrollo de los distintos procesos industriales.<\/p>\n<h3><strong>MANTENIMIENTO PREVENTIVO AIRE ACONDICIONADO<\/strong><\/h3>\n<p style=\"text-align: justify;\">Realizaremos una inspecci\u00f3n detalla de cada uno de los equipos de aire acondicionado, cada mantenimiento preventivo incluye la limpieza interior y exterior, lubricaci\u00f3n, ajuste de sistemas mec\u00e1nicos, el\u00e9ctricos y electr\u00f3nicos, dejando el sistema en perfecto estado de funcionamiento.<\/p>\n<p style=\"text-align: justify;\">[\/et_pb_cta][\/et_pb_column][\/et_pb_row][et_pb_row column_structure=\u00bb1_2,1_2&#8243; use_custom_gutter=\u00bbon\u00bb _builder_version=\u00bb4.3.1&#8243; width=\u00bb95%\u00bb max_width=\u00bb1920px\u00bb custom_padding=\u00bb||0px|||\u00bb][et_pb_column type=\u00bb1_2&#8243; _builder_version=\u00bb4.3.1&#8243;][et_pb_cta url_new_window=\u00bbon\u00bb _builder_version=\u00bb4.3.1&#8243; header_level=\u00bbh1&#8243; header_font=\u00bbBitter|700|||||||\u00bb header_font_size=\u00bb26px\u00bb header_line_height=\u00bb1.2em\u00bb body_font_size=\u00bb16px\u00bb body_line_height=\u00bb1.6em\u00bb use_background_color=\u00bboff\u00bb button_icon=\u00bb%%24%%\u00bb button_alignment=\u00bbcenter\u00bb background_layout=\u00bblight\u00bb custom_margin=\u00bb0px||||false|false\u00bb]<p style=\"text-align: justify;\">\n<h3><strong>MANTENIMIENTO CORRECTIVO AIRE ACONDICIONADO<\/strong><\/h3>\n<p style=\"text-align: justify;\">Nuestra compa\u00f1\u00eda dejara en funcionamiento los aires acondicionados cada vez que sea necesario o su empresa lo solicite, los repuestos o accesorios necesarios son por cuenta del cliente, los repuestos se instalaran previa aprobaci\u00f3n de la cotizaci\u00f3n presentada para los mismos.<\/p>[\/et_pb_cta][\/et_pb_column][et_pb_column type=\u00bb1_2&#8243; _builder_version=\u00bb4.3.1&#8243;][et_pb_image src=\u00bbhttps:\/\/gruposumyteck.com\/wp-content\/uploads\/2024\/05\/mant1-1.jpg\u00bb align=\u00bbcenter\u00bb force_fullwidth=\u00bbon\u00bb _builder_version=\u00bb4.3.1&#8243;][\/et_pb_image][\/et_pb_column][\/et_pb_row][\/et_pb_section][et_pb_section fb_built=\u00bb1&#8243; _builder_version=\u00bb4.3.1&#8243; custom_padding=\u00bb0px||1px|||\u00bb][et_pb_row use_custom_gutter=\u00bbon\u00bb _builder_version=\u00bb4.3.1&#8243; width=\u00bb95%\u00bb max_width=\u00bb1920px\u00bb module_alignment=\u00bbcenter\u00bb custom_margin=\u00bb|68px||68px|false|false\u00bb custom_padding=\u00bb4px|||||\u00bb][et_pb_column type=\u00bb4_4&#8243; _builder_version=\u00bb4.3.1&#8243;][et_pb_text _builder_version=\u00bb4.3.1&#8243; text_font_size=\u00bb16px\u00bb]<h3 style=\"text-align: center;\"><strong>EMERGENCIAS Y DISPONIBILIDAD<\/strong><\/h3>\n<p style=\"text-align: justify;\">Cuando realizamos un contrato de mantenimiento de equipos de aire acondicionado con nuestros clientes, le ofrecemos un servicio de atenci\u00f3n a emergencias con m\u00e1ximo 3 horas desde el momento de realizar la solicitud, si no posee contrato de mantenimiento nuestra compa\u00f1\u00eda estar\u00e1 en capacidad de atender sus emergencias Comunic\u00e1ndose con nuestros n\u00fameros de contacto<strong>.<\/strong><\/p>\n<p><strong><\/strong><\/p>\n<h3 style=\"text-align: center;\"><strong>DOCUMENTACION Y REPORTES DE MANTENIMIENTO<\/strong><\/h3>\n<p style=\"text-align: justify;\">Todo mantenimiento realizado por nuestra compa\u00f1\u00eda, tendr\u00e1 un\u00a0<strong>REPORTE DE MANTENIMIENTO<\/strong>\u00a0con un checklist de las actividades realizadas, del cual se dejara copia a la persona encargada de recibir el mantenimiento a satisfacci\u00f3n, adicionalmente cada equipo contara con su respectiva\u00a0<strong>HOJA DE VIDA<\/strong>, relacionando la rutina de mantenimiento de cada equipo de aire acondicionado y las observaciones especiales acerca del mismo.<\/p>\n<h4 style=\"text-align: center;\"><strong><\/strong><\/h4>\n<h4 style=\"text-align: center;\"><span style=\"color: #993300;\"><strong>\u00a1Cont\u00e1ctenos hoy mismo para obtener m\u00e1s informaci\u00f3n y programar una consulta gratuita!<\/strong><\/span><\/h4>[\/et_pb_text][\/et_pb_column][\/et_pb_row][et_pb_row _builder_version=\u00bb4.3.1&#8243; width=\u00bb100%\u00bb max_width=\u00bb1100px\u00bb module_alignment=\u00bbcenter\u00bb custom_margin=\u00bb|68px||68px|false|false\u00bb custom_padding=\u00bb0px|||||\u00bb][et_pb_column type=\u00bb4_4&#8243; _builder_version=\u00bb4.3.1&#8243;][et_pb_cta button_url=\u00bbhttps:\/\/wa.link\/dn60ja\u00bb url_new_window=\u00bbon\u00bb button_text=\u00bb\u00a1Solicite su Cotizaci\u00f3n!\u00bb _builder_version=\u00bb4.3.1&#8243; header_level=\u00bbh1&#8243; header_font=\u00bbBitter|700|||||||\u00bb header_font_size=\u00bb32px\u00bb header_line_height=\u00bb1.2em\u00bb body_font_size=\u00bb16px\u00bb body_line_height=\u00bb1.6em\u00bb use_background_color=\u00bboff\u00bb custom_button=\u00bbon\u00bb button_text_size=\u00bb18px\u00bb button_text_color=\u00bb#ffffff\u00bb button_bg_color=\u00bb#F49902&#8243; button_border_width=\u00bb0px\u00bb button_border_radius=\u00bb5px\u00bb button_font=\u00bb|600|||||||\u00bb button_icon=\u00bb%%24%%\u00bb button_alignment=\u00bbcenter\u00bb background_layout=\u00bblight\u00bb custom_margin=\u00bb0px||||false|false\u00bb animation_style=\u00bbzoom\u00bb button_text_shadow_style=\u00bbpreset1&#8243; button_text_shadow_horizontal_length=\u00bb0.1em\u00bb box_shadow_style_button=\u00bbpreset2&#8243;][\/et_pb_cta][\/et_pb_column][\/et_pb_row][\/et_pb_section]\n","protected":false},"excerpt":{"rendered":"<p>Ofrecemos el montaje y mantenimiento de todo tipo de sistemas de aire acondicionado (mini split, piso techo, cassette, split, ventana, central, paquete, precisi\u00f3n y port\u00e1tiles) en Bogot\u00e1 y en toda Colombia. Servicio profesional a costos competitivos.<\/p>\n","protected":false},"author":1,"featured_media":6622,"parent":0,"menu_order":0,"comment_status":"closed","ping_status":"closed","template":"","meta":{"_et_pb_use_builder":"on","_et_pb_old_content":"","_et_gb_content_width":"","footnotes":""},"class_list":["post-4856","page","type-page","status-publish","has-post-thumbnail","hentry"],"yoast_head":"<!-- This site is optimized with the Yoast SEO plugin v27.6 - https:\/\/yoast.com\/product\/yoast-seo-wordpress\/ -->\n<title>\u2705Aire Acondicionado, suministro, instalaci\u00f3n y mantenimiento \u2714<\/title>\n<meta name=\"description\" content=\"Montaje y mantenimiento de todo tipo de sistemas de aire acondicionado en Bogot\u00e1 y en toda Colombia. Servicio profesional y competitivo.\" \/>\n<meta name=\"robots\" content=\"index, follow, max-snippet:-1, max-image-preview:large, max-video-preview:-1\" \/>\n<link rel=\"canonical\" href=\"https:\/\/gruposumyteck.com\/?page_id=4856\" \/>\n<meta property=\"og:locale\" content=\"es_ES\" \/>\n<meta property=\"og:type\" content=\"article\" \/>\n<meta property=\"og:title\" content=\"\u2705Aire Acondicionado, suministro, instalaci\u00f3n y mantenimiento \u2714\" \/>\n<meta property=\"og:description\" content=\"Montaje y mantenimiento de todo tipo de sistemas de aire acondicionado en Bogot\u00e1 y en toda Colombia. Servicio profesional y competitivo.\" \/>\n<meta property=\"og:url\" content=\"https:\/\/gruposumyteck.com\/?page_id=4856\" \/>\n<meta property=\"og:site_name\" content=\"Grupo Sumyteck SAS\" \/>\n<meta property=\"article:publisher\" content=\"https:\/\/es-la.facebook.com\/SumyteckSAS\/\" \/>\n<meta property=\"article:modified_time\" content=\"2025-04-19T16:37:17+00:00\" \/>\n<meta property=\"og:image\" content=\"https:\/\/gruposumyteck.com\/wp-content\/uploads\/2025\/04\/Categoria_aire_acondicionado_insumos.jpg\" \/>\n\t<meta property=\"og:image:width\" content=\"414\" \/>\n\t<meta property=\"og:image:height\" content=\"460\" \/>\n\t<meta property=\"og:image:type\" content=\"image\/jpeg\" \/>\n<meta name=\"twitter:card\" content=\"summary_large_image\" \/>\n<meta name=\"twitter:site\" content=\"@Sumyteck\" \/>\n<meta name=\"twitter:label1\" content=\"Tiempo de lectura\" \/>\n\t<meta name=\"twitter:data1\" content=\"3 minutos\" \/>\n<script type=\"application\/ld+json\" class=\"yoast-schema-graph\">{\"@context\":\"https:\\\/\\\/schema.org\",\"@graph\":[{\"@type\":\"WebPage\",\"@id\":\"https:\\\/\\\/gruposumyteck.com\\\/?page_id=4856\",\"url\":\"https:\\\/\\\/gruposumyteck.com\\\/?page_id=4856\",\"name\":\"\u2705Aire Acondicionado, suministro, instalaci\u00f3n y mantenimiento \u2714\",\"isPartOf\":{\"@id\":\"https:\\\/\\\/gruposumyteck.com\\\/#website\"},\"primaryImageOfPage\":{\"@id\":\"https:\\\/\\\/gruposumyteck.com\\\/?page_id=4856#primaryimage\"},\"image\":{\"@id\":\"https:\\\/\\\/gruposumyteck.com\\\/?page_id=4856#primaryimage\"},\"thumbnailUrl\":\"https:\\\/\\\/gruposumyteck.com\\\/wp-content\\\/uploads\\\/2025\\\/04\\\/Categoria_aire_acondicionado_insumos.jpg\",\"datePublished\":\"2024-03-29T15:18:58+00:00\",\"dateModified\":\"2025-04-19T16:37:17+00:00\",\"description\":\"Montaje y mantenimiento de todo tipo de sistemas de aire acondicionado en Bogot\u00e1 y en toda Colombia. Servicio profesional y competitivo.\",\"breadcrumb\":{\"@id\":\"https:\\\/\\\/gruposumyteck.com\\\/?page_id=4856#breadcrumb\"},\"inLanguage\":\"es\",\"potentialAction\":[{\"@type\":\"ReadAction\",\"target\":[\"https:\\\/\\\/gruposumyteck.com\\\/?page_id=4856\"]}]},{\"@type\":\"ImageObject\",\"inLanguage\":\"es\",\"@id\":\"https:\\\/\\\/gruposumyteck.com\\\/?page_id=4856#primaryimage\",\"url\":\"https:\\\/\\\/gruposumyteck.com\\\/wp-content\\\/uploads\\\/2025\\\/04\\\/Categoria_aire_acondicionado_insumos.jpg\",\"contentUrl\":\"https:\\\/\\\/gruposumyteck.com\\\/wp-content\\\/uploads\\\/2025\\\/04\\\/Categoria_aire_acondicionado_insumos.jpg\",\"width\":414,\"height\":460,\"caption\":\"Categor\u00eda Aire Acondicionado\"},{\"@type\":\"BreadcrumbList\",\"@id\":\"https:\\\/\\\/gruposumyteck.com\\\/?page_id=4856#breadcrumb\",\"itemListElement\":[{\"@type\":\"ListItem\",\"position\":1,\"name\":\"Inicio\",\"item\":\"https:\\\/\\\/gruposumyteck.com\\\/\"},{\"@type\":\"ListItem\",\"position\":2,\"name\":\"Aire Acondicionado\"}]},{\"@type\":\"WebSite\",\"@id\":\"https:\\\/\\\/gruposumyteck.com\\\/#website\",\"url\":\"https:\\\/\\\/gruposumyteck.com\\\/\",\"name\":\"Grupo Sumyteck SAS\",\"description\":\"La mejor selecci\u00f3n de productos para ventilaci\u00f3n: extractores de aire, ventiladores industriales, ductos, compuertas, rejillas, filtros y controladores\",\"publisher\":{\"@id\":\"https:\\\/\\\/gruposumyteck.com\\\/#organization\"},\"alternateName\":\"gruposumyteck.com\",\"potentialAction\":[{\"@type\":\"SearchAction\",\"target\":{\"@type\":\"EntryPoint\",\"urlTemplate\":\"https:\\\/\\\/gruposumyteck.com\\\/?s={search_term_string}\"},\"query-input\":{\"@type\":\"PropertyValueSpecification\",\"valueRequired\":true,\"valueName\":\"search_term_string\"}}],\"inLanguage\":\"es\"},{\"@type\":\"Organization\",\"@id\":\"https:\\\/\\\/gruposumyteck.com\\\/#organization\",\"name\":\"Grupo Sumyteck SAS\",\"alternateName\":\"gruposumyteck.com\",\"url\":\"https:\\\/\\\/gruposumyteck.com\\\/\",\"logo\":{\"@type\":\"ImageObject\",\"inLanguage\":\"es\",\"@id\":\"https:\\\/\\\/gruposumyteck.com\\\/#\\\/schema\\\/logo\\\/image\\\/\",\"url\":\"https:\\\/\\\/gruposumyteck.com\\\/wp-content\\\/uploads\\\/2024\\\/03\\\/Favicon.png\",\"contentUrl\":\"https:\\\/\\\/gruposumyteck.com\\\/wp-content\\\/uploads\\\/2024\\\/03\\\/Favicon.png\",\"width\":384,\"height\":384,\"caption\":\"Grupo Sumyteck SAS\"},\"image\":{\"@id\":\"https:\\\/\\\/gruposumyteck.com\\\/#\\\/schema\\\/logo\\\/image\\\/\"},\"sameAs\":[\"https:\\\/\\\/es-la.facebook.com\\\/SumyteckSAS\\\/\",\"https:\\\/\\\/x.com\\\/Sumyteck\",\"https:\\\/\\\/www.youtube.com\\\/channel\\\/UCoHQzJTzEsi317O4N3k9Zbw\",\"https:\\\/\\\/www.instagram.com\\\/gruposumyteck\\\/\"]}]}<\/script>\n<!-- \/ Yoast SEO plugin. -->","yoast_head_json":{"title":"\u2705Aire Acondicionado, suministro, instalaci\u00f3n y mantenimiento \u2714","description":"Montaje y mantenimiento de todo tipo de sistemas de aire acondicionado en Bogot\u00e1 y en toda Colombia. Servicio profesional y competitivo.","robots":{"index":"index","follow":"follow","max-snippet":"max-snippet:-1","max-image-preview":"max-image-preview:large","max-video-preview":"max-video-preview:-1"},"canonical":"https:\/\/gruposumyteck.com\/?page_id=4856","og_locale":"es_ES","og_type":"article","og_title":"\u2705Aire Acondicionado, suministro, instalaci\u00f3n y mantenimiento \u2714","og_description":"Montaje y mantenimiento de todo tipo de sistemas de aire acondicionado en Bogot\u00e1 y en toda Colombia. Servicio profesional y competitivo.","og_url":"https:\/\/gruposumyteck.com\/?page_id=4856","og_site_name":"Grupo Sumyteck SAS","article_publisher":"https:\/\/es-la.facebook.com\/SumyteckSAS\/","article_modified_time":"2025-04-19T16:37:17+00:00","og_image":[{"width":414,"height":460,"url":"https:\/\/gruposumyteck.com\/wp-content\/uploads\/2025\/04\/Categoria_aire_acondicionado_insumos.jpg","type":"image\/jpeg"}],"twitter_card":"summary_large_image","twitter_site":"@Sumyteck","twitter_misc":{"Tiempo de lectura":"3 minutos"},"schema":{"@context":"https:\/\/schema.org","@graph":[{"@type":"WebPage","@id":"https:\/\/gruposumyteck.com\/?page_id=4856","url":"https:\/\/gruposumyteck.com\/?page_id=4856","name":"\u2705Aire Acondicionado, suministro, instalaci\u00f3n y mantenimiento \u2714","isPartOf":{"@id":"https:\/\/gruposumyteck.com\/#website"},"primaryImageOfPage":{"@id":"https:\/\/gruposumyteck.com\/?page_id=4856#primaryimage"},"image":{"@id":"https:\/\/gruposumyteck.com\/?page_id=4856#primaryimage"},"thumbnailUrl":"https:\/\/gruposumyteck.com\/wp-content\/uploads\/2025\/04\/Categoria_aire_acondicionado_insumos.jpg","datePublished":"2024-03-29T15:18:58+00:00","dateModified":"2025-04-19T16:37:17+00:00","description":"Montaje y mantenimiento de todo tipo de sistemas de aire acondicionado en Bogot\u00e1 y en toda Colombia. Servicio profesional y competitivo.","breadcrumb":{"@id":"https:\/\/gruposumyteck.com\/?page_id=4856#breadcrumb"},"inLanguage":"es","potentialAction":[{"@type":"ReadAction","target":["https:\/\/gruposumyteck.com\/?page_id=4856"]}]},{"@type":"ImageObject","inLanguage":"es","@id":"https:\/\/gruposumyteck.com\/?page_id=4856#primaryimage","url":"https:\/\/gruposumyteck.com\/wp-content\/uploads\/2025\/04\/Categoria_aire_acondicionado_insumos.jpg","contentUrl":"https:\/\/gruposumyteck.com\/wp-content\/uploads\/2025\/04\/Categoria_aire_acondicionado_insumos.jpg","width":414,"height":460,"caption":"Categor\u00eda Aire Acondicionado"},{"@type":"BreadcrumbList","@id":"https:\/\/gruposumyteck.com\/?page_id=4856#breadcrumb","itemListElement":[{"@type":"ListItem","position":1,"name":"Inicio","item":"https:\/\/gruposumyteck.com\/"},{"@type":"ListItem","position":2,"name":"Aire Acondicionado"}]},{"@type":"WebSite","@id":"https:\/\/gruposumyteck.com\/#website","url":"https:\/\/gruposumyteck.com\/","name":"Grupo Sumyteck SAS","description":"La mejor selecci\u00f3n de productos para ventilaci\u00f3n: extractores de aire, ventiladores industriales, ductos, compuertas, rejillas, filtros y controladores","publisher":{"@id":"https:\/\/gruposumyteck.com\/#organization"},"alternateName":"gruposumyteck.com","potentialAction":[{"@type":"SearchAction","target":{"@type":"EntryPoint","urlTemplate":"https:\/\/gruposumyteck.com\/?s={search_term_string}"},"query-input":{"@type":"PropertyValueSpecification","valueRequired":true,"valueName":"search_term_string"}}],"inLanguage":"es"},{"@type":"Organization","@id":"https:\/\/gruposumyteck.com\/#organization","name":"Grupo Sumyteck SAS","alternateName":"gruposumyteck.com","url":"https:\/\/gruposumyteck.com\/","logo":{"@type":"ImageObject","inLanguage":"es","@id":"https:\/\/gruposumyteck.com\/#\/schema\/logo\/image\/","url":"https:\/\/gruposumyteck.com\/wp-content\/uploads\/2024\/03\/Favicon.png","contentUrl":"https:\/\/gruposumyteck.com\/wp-content\/uploads\/2024\/03\/Favicon.png","width":384,"height":384,"caption":"Grupo Sumyteck SAS"},"image":{"@id":"https:\/\/gruposumyteck.com\/#\/schema\/logo\/image\/"},"sameAs":["https:\/\/es-la.facebook.com\/SumyteckSAS\/","https:\/\/x.com\/Sumyteck","https:\/\/www.youtube.com\/channel\/UCoHQzJTzEsi317O4N3k9Zbw","https:\/\/www.instagram.com\/gruposumyteck\/"]}]}},"_links":{"self":[{"href":"https:\/\/gruposumyteck.com\/index.php?rest_route=\/wp\/v2\/pages\/4856","targetHints":{"allow":["GET"]}}],"collection":[{"href":"https:\/\/gruposumyteck.com\/index.php?rest_route=\/wp\/v2\/pages"}],"about":[{"href":"https:\/\/gruposumyteck.com\/index.php?rest_route=\/wp\/v2\/types\/page"}],"author":[{"embeddable":true,"href":"https:\/\/gruposumyteck.com\/index.php?rest_route=\/wp\/v2\/users\/1"}],"replies":[{"embeddable":true,"href":"https:\/\/gruposumyteck.com\/index.php?rest_route=%2Fwp%2Fv2%2Fcomments&post=4856"}],"version-history":[{"count":2,"href":"https:\/\/gruposumyteck.com\/index.php?rest_route=\/wp\/v2\/pages\/4856\/revisions"}],"predecessor-version":[{"id":6890,"href":"https:\/\/gruposumyteck.com\/index.php?rest_route=\/wp\/v2\/pages\/4856\/revisions\/6890"}],"wp:featuredmedia":[{"embeddable":true,"href":"https:\/\/gruposumyteck.com\/index.php?rest_route=\/wp\/v2\/media\/6622"}],"wp:attachment":[{"href":"https:\/\/gruposumyteck.com\/index.php?rest_route=%2Fwp%2Fv2%2Fmedia&parent=4856"}],"curies":[{"name":"wp","href":"https:\/\/api.w.org\/{rel}","templated":true}]}}