{"id":4844,"date":"2024-03-29T10:15:19","date_gmt":"2024-03-29T15:15:19","guid":{"rendered":"https:\/\/gruposumyteck.com\/?page_id=4844"},"modified":"2025-04-19T17:56:39","modified_gmt":"2025-04-19T22:56:39","slug":"ductos-evacuacion-gases","status":"publish","type":"page","link":"https:\/\/gruposumyteck.com\/?page_id=4844","title":{"rendered":"Ductos evacuaci\u00f3n"},"content":{"rendered":"\n[et_pb_section fb_built=\u00bb1&#8243; custom_padding_last_edited=\u00bbon|desktop\u00bb _builder_version=\u00bb4.3.1&#8243; custom_margin=\u00bb-25px|0px|0px|0px|false|false\u00bb custom_margin_tablet=\u00bb-29px||||false|false\u00bb custom_margin_phone=\u00bb-29px||||false|false\u00bb custom_margin_last_edited=\u00bbon|phone\u00bb custom_padding=\u00bb0px||0px||false|false\u00bb custom_padding_tablet=\u00bb||10px||false|false\u00bb custom_padding_phone=\u00bb0px||||false|false\u00bb top_divider_height=\u00bb0px\u00bb][et_pb_row _builder_version=\u00bb4.3.1&#8243; hover_enabled=\u00bb0&#8243; disabled_on=\u00bbon|off|off\u00bb][et_pb_column type=\u00bb4_4&#8243; _builder_version=\u00bb4.3.1&#8243;][et_pb_nextend_smart_slider_3 slider=\u00bb6&#8243; _builder_version=\u00bb4.3.1&#8243;][\/et_pb_nextend_smart_slider_3][\/et_pb_column][\/et_pb_row][et_pb_row _builder_version=\u00bb4.3.1&#8243; hover_enabled=\u00bb0&#8243; disabled_on=\u00bboff|on|on\u00bb][et_pb_column type=\u00bb4_4&#8243; _builder_version=\u00bb4.3.1&#8243;][et_pb_nextend_smart_slider_3 slider=\u00bb26&#8243; _builder_version=\u00bb4.3.1&#8243; hover_enabled=\u00bb0&#8243;][\/et_pb_nextend_smart_slider_3][\/et_pb_column][\/et_pb_row][et_pb_row use_custom_gutter=\u00bbon\u00bb _builder_version=\u00bb4.3.1&#8243; width=\u00bb95%\u00bb max_width=\u00bb1920px\u00bb][et_pb_column type=\u00bb4_4&#8243; _builder_version=\u00bb4.3.1&#8243;][et_pb_text _builder_version=\u00bb4.3.1&#8243;]<h1 style=\"text-align: center;\">Fabricaci\u00f3n de Ductos comunales para evacuaci\u00f3n de gases en calentadores <strong>Tiro Natural<\/strong><\/h1>[\/et_pb_text][\/et_pb_column][\/et_pb_row][et_pb_row column_structure=\u00bb1_3,2_3&#8243; use_custom_gutter=\u00bbon\u00bb _builder_version=\u00bb4.3.1&#8243; width=\u00bb95%\u00bb max_width=\u00bb1920px\u00bb][et_pb_column type=\u00bb1_3&#8243; _builder_version=\u00bb4.3.1&#8243;][et_pb_nextend_smart_slider_3 slider=\u00bb7&#8243; _builder_version=\u00bb4.3.1&#8243;][\/et_pb_nextend_smart_slider_3][\/et_pb_column][et_pb_column type=\u00bb2_3&#8243; _builder_version=\u00bb4.3.1&#8243;][et_pb_cta title=\u00bbChimeneas \u00f3 desfogues de evacuaci\u00f3n para calentadores\u00bb button_url=\u00bbhttps:\/\/wa.link\/0omqix\u00bb url_new_window=\u00bbon\u00bb button_text=\u00bb\u00a1Solicite su cotizaci\u00f3n!\u00bb _builder_version=\u00bb4.3.1&#8243; header_level=\u00bbh1&#8243; header_font=\u00bbBitter|700|||||||\u00bb header_font_size=\u00bb32px\u00bb header_line_height=\u00bb1.2em\u00bb body_font_size=\u00bb16px\u00bb body_line_height=\u00bb1.6em\u00bb use_background_color=\u00bboff\u00bb custom_button=\u00bbon\u00bb button_text_size=\u00bb18px\u00bb button_text_color=\u00bb#ffffff\u00bb button_bg_color=\u00bb#F49902&#8243; button_border_width=\u00bb0px\u00bb button_border_radius=\u00bb5px\u00bb button_font=\u00bb|600|||||||\u00bb button_icon=\u00bb%%24%%\u00bb button_alignment=\u00bbcenter\u00bb background_layout=\u00bblight\u00bb custom_margin=\u00bb0px||||false|false\u00bb button_text_shadow_style=\u00bbpreset1&#8243; button_text_shadow_horizontal_length=\u00bb0.1em\u00bb box_shadow_style_button=\u00bbpreset2&#8243;]<p style=\"text-align: justify;\">Fabricaci\u00f3n e instalaci\u00f3n de ductos comunales, para <strong>evacuaci\u00f3n de gases de calentadores Tipo Natural<\/strong>, en proyectos de edificios residenciales para las constructoras a Nivel Nacional, seg\u00fan normas vigentes:<\/p>\n<p style=\"text-align: justify;\"><a href=\"https:\/\/www.icontec.org\/\" target=\"_blank\" rel=\"noopener noreferrer\" title=\"Norma NTC 3567\"><strong>NTC 3567<\/strong><\/a> \u2013 \u00a0<strong>CONDUCTOS MET\u00c1LICOS PARA LA EVACUACI\u00d3N POR TIRO NATURAL DE LOS PRODUCTOS DE LA COMBUSTI\u00d3N DEL GAS<\/strong><\/p>\n<p style=\"text-align: justify;\"><a href=\"https:\/\/www.icontec.org\/\" target=\"_blank\" rel=\"noopener noreferrer\" title=\"NORMA NTC 3833\"><strong>NTC 3833<\/strong><\/a> \u2013 \u00a0<strong>DIMENSIONAMIENTO, CONSTRUCCI\u00d3N, MONTAJE Y EVALUACI\u00d3N DE LOS SISTEMAS PARA LA EVACUACI\u00d3N DE LOS PRODUCTOS DE LA COMBUSTI\u00d3N GENERADOS POR LOS ARTEFACTOS QUE FUNCIONAN CON GAS<\/strong><\/p>\n<p style=\"text-align: justify;\">Fabricamos sobre par\u00e1metros de dise\u00f1o <a href=\"https:\/\/apps.grupovanti.com\/biblioteca\/artefactos-tipo-b1-tiro-natural-subsistema-de-evacuacion\/\" target=\"_blank\" rel=\"noopener noreferrer\" title=\"Biblioteca de detalles constructivos - VANTI\"><strong>VANTI<\/strong><\/a>, para Chimeneas colectiva de evacuaci\u00f3n de calentadores.<\/p>[\/et_pb_cta][\/et_pb_column][\/et_pb_row][\/et_pb_section][et_pb_section fb_built=\u00bb1&#8243; _builder_version=\u00bb4.3.1&#8243; custom_padding=\u00bb0px||1px|||\u00bb][et_pb_row use_custom_gutter=\u00bbon\u00bb _builder_version=\u00bb4.3.1&#8243; width=\u00bb95%\u00bb max_width=\u00bb1920px\u00bb][et_pb_column type=\u00bb4_4&#8243; _builder_version=\u00bb4.3.1&#8243;][et_pb_text _builder_version=\u00bb4.3.1&#8243;]<h3 style=\"text-align: center;\"><strong>Ductos y Accesorios para Evacuaci\u00f3n de Gases <\/strong><\/h3>[\/et_pb_text][\/et_pb_column][\/et_pb_row][et_pb_row column_structure=\u00bb1_4,1_4,1_4,1_4&#8243; use_custom_gutter=\u00bbon\u00bb _builder_version=\u00bb4.3.1&#8243; width=\u00bb95%\u00bb max_width=\u00bb1920px\u00bb module_alignment=\u00bbcenter\u00bb custom_margin=\u00bb|68px||68px|false|false\u00bb][et_pb_column type=\u00bb1_4&#8243; _builder_version=\u00bb4.3.1&#8243;][et_pb_blurb title=\u00bbDucto L\u00e1mina Galvanizada\u00bb image=\u00bbhttps:\/\/gruposumyteck.com\/wp-content\/uploads\/2024\/03\/foto_ductos_desfogue_1.jpg\u00bb _builder_version=\u00bb4.3.1&#8243; header_level=\u00bbh3&#8243; header_font=\u00bb|700|||||||\u00bb header_text_color=\u00bb#c5310d\u00bb]<p style=\"text-align: justify;\">Nuestro <strong>conducto o chimenea de evacuaci\u00f3n<\/strong> es fabricado en l\u00e1mina galvanizada calibre 20, con material incombustible, liso interiormente, r\u00edgido, resistente a la corrosi\u00f3n y capaz de soportar temperaturas de trabajo de 200 \u00b0C sin alterarse.<\/p>\n<p style=\"text-align: justify;\">Actualmente realizamos <a href=\"https:\/\/gruposumyteck.com\/ventilacion-forzada\/\">montajes<\/a> para las constructoras m\u00e1s reconocidas del Pais.<\/p>[\/et_pb_blurb][\/et_pb_column][et_pb_column type=\u00bb1_4&#8243; _builder_version=\u00bb4.3.1&#8243;][et_pb_blurb title=\u00bbDeflector  &#8211; Tipo C\u00bb image=\u00bbhttps:\/\/gruposumyteck.com\/wp-content\/uploads\/2024\/03\/pagina-ductos_evacuacion_2.jpg\u00bb _builder_version=\u00bb4.3.1&#8243; header_level=\u00bbh3&#8243; header_font=\u00bb|700|||||||\u00bb header_text_color=\u00bb#c5310d\u00bb]<p style=\"text-align: justify;\"><strong>Deflector Tipo C<\/strong>, para conductos de evacuaci\u00f3n de secci\u00f3n rectangular o cuadrada de cualquier \u00e1rea seccional interior, se usa solo para descarga vertical.<\/p>\n<p style=\"text-align: justify;\">El <strong>deflector tipo C ( sombrerete)<\/strong> se instala en el extremo superior de la chimenea o ducto de evacuaci\u00f3n, e impide que las corrientes naturales de tiro sean afectadas, garantizando tambien el ingrese agua o granizo al ducto.<\/p>[\/et_pb_blurb][\/et_pb_column][et_pb_column type=\u00bb1_4&#8243; _builder_version=\u00bb4.3.1&#8243;][et_pb_blurb title=\u00bbDeflector &#8211; Tipo B\u00bb image=\u00bbhttps:\/\/gruposumyteck.com\/wp-content\/uploads\/2024\/03\/pagina-ductos_evacuacion_3.jpg\u00bb _builder_version=\u00bb4.3.1&#8243; header_level=\u00bbh3&#8243; header_font=\u00bb|700|||||||\u00bb header_text_color=\u00bb#c5310d\u00bb]<p style=\"text-align: justify;\"><strong>Deflector Tipo B<\/strong>, para conductos de evacuaci\u00f3n de secci\u00f3n circular de cualquier di\u00e1metro seccional, se usa solo para descarga vertical.<\/p>\n<p style=\"text-align: justify;\">El <strong>deflector tipo B ( sombrerete)<\/strong> se instala en el extremo superior de la chimenea o ducto de evacuaci\u00f3n, este impide que las corrientes naturales de tiro sean afectadas, tambi\u00e9n evitan que ingrese agua o granizo al ducto.<\/p>[\/et_pb_blurb][\/et_pb_column][et_pb_column type=\u00bb1_4&#8243; _builder_version=\u00bb4.3.1&#8243;][et_pb_blurb title=\u00bbCodo Galvanizado a 90\u00b0  \u00bb image=\u00bbhttps:\/\/gruposumyteck.com\/wp-content\/uploads\/2024\/04\/fotos-codos_semicodos.jpg\u00bb _builder_version=\u00bb4.3.1&#8243; header_level=\u00bbh3&#8243; header_font=\u00bb|700|||||||\u00bb header_text_color=\u00bb#c5310d\u00bb]<p style=\"text-align: justify;\">Nuestros <strong>codos a 90\u00b0 o 45\u00b0<\/strong> son fabricados en l\u00e1mina galvanizada, son usados para realizar la conexi\u00f3n del desfogue del calentador al ducto de extracci\u00f3n comunal, este codo debe tener una pendiente de \u2265 3%.<\/p>\n<p style=\"text-align: justify;\">Tenemos los precios m\u00e1s competitivos del mercado y excelentes tiempos de entrega.<\/p>[\/et_pb_blurb][\/et_pb_column][\/et_pb_row][et_pb_row use_custom_gutter=\u00bbon\u00bb _builder_version=\u00bb4.3.1&#8243; width=\u00bb95%\u00bb max_width=\u00bb1920px\u00bb module_alignment=\u00bbcenter\u00bb custom_margin=\u00bb|68px||68px|false|false\u00bb custom_padding=\u00bb4px|||||\u00bb][et_pb_column type=\u00bb4_4&#8243; _builder_version=\u00bb4.3.1&#8243;][et_pb_text _builder_version=\u00bb4.3.1&#8243; custom_margin=\u00bb||17px|||\u00bb]<h3 style=\"text-align: center;\"><span style=\"color: #993300;\"><strong>Lideres en Fabricaci\u00f3n de Ductos de Evacuaci\u00f3n de Gases <\/strong><\/span><\/h3>[\/et_pb_text][et_pb_text _builder_version=\u00bb4.3.1&#8243; text_font_size=\u00bb16px\u00bb]<p style=\"text-align: justify;\">Somos especialistas en la fabricaci\u00f3n e instalaci\u00f3n de sistemas de <strong>ductos de evacuaci\u00f3n de gases de calentadores<\/strong> en Colombia. Nuestra experiencia en el gremio de la construcci\u00f3n y nuestra dedicaci\u00f3n a la calidad nos distinguen como el socio ideal para garantizar la ejecuci\u00f3n de este tipo de proyectos con las constructoras en Colombia.<\/p>\n<p style=\"text-align: justify;\">Actualmente atendemos a clientes tan importantes como Constructora Bolivar, Constructora Coninsa, Constructora las Galias, Constructora Convel, Constructora Amarilo, Constructora Arquitectura y Concreto y muchas m\u00e1s.<\/p>\n<p style=\"text-align: justify;\">Nuestro equipo de expertos altamente capacitados se encarga de la instalaci\u00f3n y puesta en marcha de los sistemas de evacuaci\u00f3n de gases. Cumplimos con los m\u00e1s altos est\u00e1ndares de seguridad y eficiencia, garantizando que su operaci\u00f3n contin\u00fae sin interrupciones y en cumplimiento de regulaciones ambientales.<\/p>[\/et_pb_text][\/et_pb_column][\/et_pb_row][et_pb_row _builder_version=\u00bb4.3.1&#8243; width=\u00bb100%\u00bb max_width=\u00bb1100px\u00bb module_alignment=\u00bbcenter\u00bb custom_margin=\u00bb|68px||68px|false|false\u00bb custom_padding=\u00bb0px|||||\u00bb][et_pb_column type=\u00bb4_4&#8243; _builder_version=\u00bb4.3.1&#8243;][et_pb_cta button_url=\u00bbhttps:\/\/wa.link\/0omqix\u00bb url_new_window=\u00bbon\u00bb button_text=\u00bb\u00a1Solicite su Cotizaci\u00f3n!\u00bb _builder_version=\u00bb4.3.1&#8243; header_level=\u00bbh1&#8243; header_font=\u00bbBitter|700|||||||\u00bb header_font_size=\u00bb32px\u00bb header_line_height=\u00bb1.2em\u00bb body_font_size=\u00bb16px\u00bb body_line_height=\u00bb1.6em\u00bb use_background_color=\u00bboff\u00bb custom_button=\u00bbon\u00bb button_text_size=\u00bb18px\u00bb button_text_color=\u00bb#ffffff\u00bb button_bg_color=\u00bb#F49902&#8243; button_border_width=\u00bb0px\u00bb button_border_radius=\u00bb5px\u00bb button_font=\u00bb|600|||||||\u00bb button_icon=\u00bb%%24%%\u00bb button_alignment=\u00bbcenter\u00bb background_layout=\u00bblight\u00bb custom_margin=\u00bb0px||||false|false\u00bb animation_style=\u00bbzoom\u00bb button_text_shadow_style=\u00bbpreset1&#8243; button_text_shadow_horizontal_length=\u00bb0.1em\u00bb box_shadow_style_button=\u00bbpreset2&#8243;][\/et_pb_cta][\/et_pb_column][\/et_pb_row][\/et_pb_section]\n","protected":false},"excerpt":{"rendered":"<p>Fabricaci\u00f3n e instalaci\u00f3n de Ductos para evacuaci\u00f3n de gases de calentadores, en proyectos de edificios residenciales para las constructoras. <\/p>\n","protected":false},"author":1,"featured_media":4702,"parent":0,"menu_order":0,"comment_status":"closed","ping_status":"closed","template":"","meta":{"_et_pb_use_builder":"on","_et_pb_old_content":"","_et_gb_content_width":"","footnotes":""},"class_list":["post-4844","page","type-page","status-publish","has-post-thumbnail","hentry"],"yoast_head":"<!-- This site is optimized with the Yoast SEO plugin v27.5 - https:\/\/yoast.com\/product\/yoast-seo-wordpress\/ -->\n<title>\u2705Fabricaci\u00f3n de Ductos de Evacuaci\u00f3n de Gases \u2714<\/title>\n<meta name=\"description\" content=\"Fabricaci\u00f3n e instalaci\u00f3n de Ductos para evacuaci\u00f3n de gases de calentadores, en proyectos de edificios residenciales para las constructoras.\" \/>\n<meta name=\"robots\" content=\"index, follow, max-snippet:-1, max-image-preview:large, max-video-preview:-1\" \/>\n<link rel=\"canonical\" href=\"https:\/\/gruposumyteck.com\/?page_id=4844\" \/>\n<meta property=\"og:locale\" content=\"es_ES\" \/>\n<meta property=\"og:type\" content=\"article\" \/>\n<meta property=\"og:title\" content=\"\u2705Fabricaci\u00f3n de Ductos de Evacuaci\u00f3n de Gases \u2714\" \/>\n<meta property=\"og:description\" content=\"Fabricaci\u00f3n e instalaci\u00f3n de Ductos para evacuaci\u00f3n de gases de calentadores, en proyectos de edificios residenciales para las constructoras.\" \/>\n<meta property=\"og:url\" content=\"https:\/\/gruposumyteck.com\/?page_id=4844\" \/>\n<meta property=\"og:site_name\" content=\"Grupo Sumyteck SAS\" \/>\n<meta property=\"article:publisher\" content=\"https:\/\/es-la.facebook.com\/SumyteckSAS\/\" \/>\n<meta property=\"article:modified_time\" content=\"2025-04-19T22:56:39+00:00\" \/>\n<meta property=\"og:image\" content=\"https:\/\/gruposumyteck.com\/wp-content\/uploads\/2024\/03\/portafolio_soluciones_1-1.jpg\" \/>\n\t<meta property=\"og:image:width\" content=\"480\" \/>\n\t<meta property=\"og:image:height\" content=\"240\" \/>\n\t<meta property=\"og:image:type\" content=\"image\/jpeg\" \/>\n<meta name=\"twitter:card\" content=\"summary_large_image\" \/>\n<meta name=\"twitter:site\" content=\"@Sumyteck\" \/>\n<meta name=\"twitter:label1\" content=\"Tiempo de lectura\" \/>\n\t<meta name=\"twitter:data1\" content=\"4 minutos\" \/>\n<script type=\"application\/ld+json\" class=\"yoast-schema-graph\">{\"@context\":\"https:\\\/\\\/schema.org\",\"@graph\":[{\"@type\":\"WebPage\",\"@id\":\"https:\\\/\\\/gruposumyteck.com\\\/?page_id=4844\",\"url\":\"https:\\\/\\\/gruposumyteck.com\\\/?page_id=4844\",\"name\":\"\u2705Fabricaci\u00f3n de Ductos de Evacuaci\u00f3n de Gases \u2714\",\"isPartOf\":{\"@id\":\"https:\\\/\\\/gruposumyteck.com\\\/#website\"},\"primaryImageOfPage\":{\"@id\":\"https:\\\/\\\/gruposumyteck.com\\\/?page_id=4844#primaryimage\"},\"image\":{\"@id\":\"https:\\\/\\\/gruposumyteck.com\\\/?page_id=4844#primaryimage\"},\"thumbnailUrl\":\"https:\\\/\\\/gruposumyteck.com\\\/wp-content\\\/uploads\\\/2024\\\/03\\\/portafolio_soluciones_1-1.jpg\",\"datePublished\":\"2024-03-29T15:15:19+00:00\",\"dateModified\":\"2025-04-19T22:56:39+00:00\",\"description\":\"Fabricaci\u00f3n e instalaci\u00f3n de Ductos para evacuaci\u00f3n de gases de calentadores, en proyectos de edificios residenciales para las constructoras.\",\"breadcrumb\":{\"@id\":\"https:\\\/\\\/gruposumyteck.com\\\/?page_id=4844#breadcrumb\"},\"inLanguage\":\"es\",\"potentialAction\":[{\"@type\":\"ReadAction\",\"target\":[\"https:\\\/\\\/gruposumyteck.com\\\/?page_id=4844\"]}]},{\"@type\":\"ImageObject\",\"inLanguage\":\"es\",\"@id\":\"https:\\\/\\\/gruposumyteck.com\\\/?page_id=4844#primaryimage\",\"url\":\"https:\\\/\\\/gruposumyteck.com\\\/wp-content\\\/uploads\\\/2024\\\/03\\\/portafolio_soluciones_1-1.jpg\",\"contentUrl\":\"https:\\\/\\\/gruposumyteck.com\\\/wp-content\\\/uploads\\\/2024\\\/03\\\/portafolio_soluciones_1-1.jpg\",\"width\":480,\"height\":240,\"caption\":\"Portafolio Soluciones - Ducto Evacuaci\u00f3n Gases\"},{\"@type\":\"BreadcrumbList\",\"@id\":\"https:\\\/\\\/gruposumyteck.com\\\/?page_id=4844#breadcrumb\",\"itemListElement\":[{\"@type\":\"ListItem\",\"position\":1,\"name\":\"Inicio\",\"item\":\"https:\\\/\\\/gruposumyteck.com\\\/\"},{\"@type\":\"ListItem\",\"position\":2,\"name\":\"Ductos evacuaci\u00f3n\"}]},{\"@type\":\"WebSite\",\"@id\":\"https:\\\/\\\/gruposumyteck.com\\\/#website\",\"url\":\"https:\\\/\\\/gruposumyteck.com\\\/\",\"name\":\"Grupo Sumyteck SAS\",\"description\":\"La mejor selecci\u00f3n de productos para ventilaci\u00f3n: extractores de aire, ventiladores industriales, ductos, compuertas, rejillas, filtros y controladores\",\"publisher\":{\"@id\":\"https:\\\/\\\/gruposumyteck.com\\\/#organization\"},\"alternateName\":\"gruposumyteck.com\",\"potentialAction\":[{\"@type\":\"SearchAction\",\"target\":{\"@type\":\"EntryPoint\",\"urlTemplate\":\"https:\\\/\\\/gruposumyteck.com\\\/?s={search_term_string}\"},\"query-input\":{\"@type\":\"PropertyValueSpecification\",\"valueRequired\":true,\"valueName\":\"search_term_string\"}}],\"inLanguage\":\"es\"},{\"@type\":\"Organization\",\"@id\":\"https:\\\/\\\/gruposumyteck.com\\\/#organization\",\"name\":\"Grupo Sumyteck SAS\",\"alternateName\":\"gruposumyteck.com\",\"url\":\"https:\\\/\\\/gruposumyteck.com\\\/\",\"logo\":{\"@type\":\"ImageObject\",\"inLanguage\":\"es\",\"@id\":\"https:\\\/\\\/gruposumyteck.com\\\/#\\\/schema\\\/logo\\\/image\\\/\",\"url\":\"https:\\\/\\\/gruposumyteck.com\\\/wp-content\\\/uploads\\\/2024\\\/03\\\/Favicon.png\",\"contentUrl\":\"https:\\\/\\\/gruposumyteck.com\\\/wp-content\\\/uploads\\\/2024\\\/03\\\/Favicon.png\",\"width\":384,\"height\":384,\"caption\":\"Grupo Sumyteck SAS\"},\"image\":{\"@id\":\"https:\\\/\\\/gruposumyteck.com\\\/#\\\/schema\\\/logo\\\/image\\\/\"},\"sameAs\":[\"https:\\\/\\\/es-la.facebook.com\\\/SumyteckSAS\\\/\",\"https:\\\/\\\/x.com\\\/Sumyteck\",\"https:\\\/\\\/www.youtube.com\\\/channel\\\/UCoHQzJTzEsi317O4N3k9Zbw\",\"https:\\\/\\\/www.instagram.com\\\/gruposumyteck\\\/\"]}]}<\/script>\n<!-- \/ Yoast SEO plugin. -->","yoast_head_json":{"title":"\u2705Fabricaci\u00f3n de Ductos de Evacuaci\u00f3n de Gases \u2714","description":"Fabricaci\u00f3n e instalaci\u00f3n de Ductos para evacuaci\u00f3n de gases de calentadores, en proyectos de edificios residenciales para las constructoras.","robots":{"index":"index","follow":"follow","max-snippet":"max-snippet:-1","max-image-preview":"max-image-preview:large","max-video-preview":"max-video-preview:-1"},"canonical":"https:\/\/gruposumyteck.com\/?page_id=4844","og_locale":"es_ES","og_type":"article","og_title":"\u2705Fabricaci\u00f3n de Ductos de Evacuaci\u00f3n de Gases \u2714","og_description":"Fabricaci\u00f3n e instalaci\u00f3n de Ductos para evacuaci\u00f3n de gases de calentadores, en proyectos de edificios residenciales para las constructoras.","og_url":"https:\/\/gruposumyteck.com\/?page_id=4844","og_site_name":"Grupo Sumyteck SAS","article_publisher":"https:\/\/es-la.facebook.com\/SumyteckSAS\/","article_modified_time":"2025-04-19T22:56:39+00:00","og_image":[{"width":480,"height":240,"url":"https:\/\/gruposumyteck.com\/wp-content\/uploads\/2024\/03\/portafolio_soluciones_1-1.jpg","type":"image\/jpeg"}],"twitter_card":"summary_large_image","twitter_site":"@Sumyteck","twitter_misc":{"Tiempo de lectura":"4 minutos"},"schema":{"@context":"https:\/\/schema.org","@graph":[{"@type":"WebPage","@id":"https:\/\/gruposumyteck.com\/?page_id=4844","url":"https:\/\/gruposumyteck.com\/?page_id=4844","name":"\u2705Fabricaci\u00f3n de Ductos de Evacuaci\u00f3n de Gases \u2714","isPartOf":{"@id":"https:\/\/gruposumyteck.com\/#website"},"primaryImageOfPage":{"@id":"https:\/\/gruposumyteck.com\/?page_id=4844#primaryimage"},"image":{"@id":"https:\/\/gruposumyteck.com\/?page_id=4844#primaryimage"},"thumbnailUrl":"https:\/\/gruposumyteck.com\/wp-content\/uploads\/2024\/03\/portafolio_soluciones_1-1.jpg","datePublished":"2024-03-29T15:15:19+00:00","dateModified":"2025-04-19T22:56:39+00:00","description":"Fabricaci\u00f3n e instalaci\u00f3n de Ductos para evacuaci\u00f3n de gases de calentadores, en proyectos de edificios residenciales para las constructoras.","breadcrumb":{"@id":"https:\/\/gruposumyteck.com\/?page_id=4844#breadcrumb"},"inLanguage":"es","potentialAction":[{"@type":"ReadAction","target":["https:\/\/gruposumyteck.com\/?page_id=4844"]}]},{"@type":"ImageObject","inLanguage":"es","@id":"https:\/\/gruposumyteck.com\/?page_id=4844#primaryimage","url":"https:\/\/gruposumyteck.com\/wp-content\/uploads\/2024\/03\/portafolio_soluciones_1-1.jpg","contentUrl":"https:\/\/gruposumyteck.com\/wp-content\/uploads\/2024\/03\/portafolio_soluciones_1-1.jpg","width":480,"height":240,"caption":"Portafolio Soluciones - Ducto Evacuaci\u00f3n Gases"},{"@type":"BreadcrumbList","@id":"https:\/\/gruposumyteck.com\/?page_id=4844#breadcrumb","itemListElement":[{"@type":"ListItem","position":1,"name":"Inicio","item":"https:\/\/gruposumyteck.com\/"},{"@type":"ListItem","position":2,"name":"Ductos evacuaci\u00f3n"}]},{"@type":"WebSite","@id":"https:\/\/gruposumyteck.com\/#website","url":"https:\/\/gruposumyteck.com\/","name":"Grupo Sumyteck SAS","description":"La mejor selecci\u00f3n de productos para ventilaci\u00f3n: extractores de aire, ventiladores industriales, ductos, compuertas, rejillas, filtros y controladores","publisher":{"@id":"https:\/\/gruposumyteck.com\/#organization"},"alternateName":"gruposumyteck.com","potentialAction":[{"@type":"SearchAction","target":{"@type":"EntryPoint","urlTemplate":"https:\/\/gruposumyteck.com\/?s={search_term_string}"},"query-input":{"@type":"PropertyValueSpecification","valueRequired":true,"valueName":"search_term_string"}}],"inLanguage":"es"},{"@type":"Organization","@id":"https:\/\/gruposumyteck.com\/#organization","name":"Grupo Sumyteck SAS","alternateName":"gruposumyteck.com","url":"https:\/\/gruposumyteck.com\/","logo":{"@type":"ImageObject","inLanguage":"es","@id":"https:\/\/gruposumyteck.com\/#\/schema\/logo\/image\/","url":"https:\/\/gruposumyteck.com\/wp-content\/uploads\/2024\/03\/Favicon.png","contentUrl":"https:\/\/gruposumyteck.com\/wp-content\/uploads\/2024\/03\/Favicon.png","width":384,"height":384,"caption":"Grupo Sumyteck SAS"},"image":{"@id":"https:\/\/gruposumyteck.com\/#\/schema\/logo\/image\/"},"sameAs":["https:\/\/es-la.facebook.com\/SumyteckSAS\/","https:\/\/x.com\/Sumyteck","https:\/\/www.youtube.com\/channel\/UCoHQzJTzEsi317O4N3k9Zbw","https:\/\/www.instagram.com\/gruposumyteck\/"]}]}},"_links":{"self":[{"href":"https:\/\/gruposumyteck.com\/index.php?rest_route=\/wp\/v2\/pages\/4844","targetHints":{"allow":["GET"]}}],"collection":[{"href":"https:\/\/gruposumyteck.com\/index.php?rest_route=\/wp\/v2\/pages"}],"about":[{"href":"https:\/\/gruposumyteck.com\/index.php?rest_route=\/wp\/v2\/types\/page"}],"author":[{"embeddable":true,"href":"https:\/\/gruposumyteck.com\/index.php?rest_route=\/wp\/v2\/users\/1"}],"replies":[{"embeddable":true,"href":"https:\/\/gruposumyteck.com\/index.php?rest_route=%2Fwp%2Fv2%2Fcomments&post=4844"}],"version-history":[{"count":3,"href":"https:\/\/gruposumyteck.com\/index.php?rest_route=\/wp\/v2\/pages\/4844\/revisions"}],"predecessor-version":[{"id":6893,"href":"https:\/\/gruposumyteck.com\/index.php?rest_route=\/wp\/v2\/pages\/4844\/revisions\/6893"}],"wp:featuredmedia":[{"embeddable":true,"href":"https:\/\/gruposumyteck.com\/index.php?rest_route=\/wp\/v2\/media\/4702"}],"wp:attachment":[{"href":"https:\/\/gruposumyteck.com\/index.php?rest_route=%2Fwp%2Fv2%2Fmedia&parent=4844"}],"curies":[{"name":"wp","href":"https:\/\/api.w.org\/{rel}","templated":true}]}}